{"id":2412837,"date":"2025-08-06T07:37:13","date_gmt":"2025-08-06T05:37:13","guid":{"rendered":"https:\/\/streetmarkets.fr\/app\/produit\/debardeur-cachemire-madluv\/"},"modified":"2026-05-11T07:37:33","modified_gmt":"2026-05-11T05:37:33","slug":"debardeur-cachemire-madluv","status":"publish","type":"product","link":"https:\/\/streetmarkets.fr\/app\/produit\/debardeur-cachemire-madluv\/","title":{"rendered":"D\u00e9bardeur Cachemire MADLUV"},"content":{"rendered":"<p>DEBO: D\u00e9bardeur 2 fils en cachemire -Seconde peau\u00e0 motif\u00e9clairen intarsia.100% cachemire- 2 Tailles SM et ML &#8211; Coloris Rose &#8211; Existe aussi en GrisLa livraison est offerte pour la France M\u00e9tropolitaine !<\/p>\n","protected":false},"excerpt":{"rendered":"<p>DEBO: D\u00e9bardeur 2 fils en cachemire -Seconde peau\u00e0 motif\u00e9clairen intarsia.100% cachemire- 2 Tailles SM et ML &#8211; Coloris Rose &#8211; Existe aussi en GrisLa livraison est offerte pour la France M\u00e9tropolitaine !<\/p>\n","protected":false},"featured_media":2412838,"comment_status":"open","ping_status":"closed","template":"","meta":[],"product_brand":[],"product_cat":[1756,1762],"product_tag":[2244],"acf":[],"_links":{"self":[{"href":"https:\/\/streetmarkets.fr\/app\/wp-json\/wp\/v2\/product\/2412837"}],"collection":[{"href":"https:\/\/streetmarkets.fr\/app\/wp-json\/wp\/v2\/product"}],"about":[{"href":"https:\/\/streetmarkets.fr\/app\/wp-json\/wp\/v2\/types\/product"}],"replies":[{"embeddable":true,"href":"https:\/\/streetmarkets.fr\/app\/wp-json\/wp\/v2\/comments?post=2412837"}],"wp:featuredmedia":[{"embeddable":true,"href":"https:\/\/streetmarkets.fr\/app\/wp-json\/wp\/v2\/media\/2412838"}],"wp:attachment":[{"href":"https:\/\/streetmarkets.fr\/app\/wp-json\/wp\/v2\/media?parent=2412837"}],"wp:term":[{"taxonomy":"product_brand","embeddable":true,"href":"https:\/\/streetmarkets.fr\/app\/wp-json\/wp\/v2\/product_brand?post=2412837"},{"taxonomy":"product_cat","embeddable":true,"href":"https:\/\/streetmarkets.fr\/app\/wp-json\/wp\/v2\/product_cat?post=2412837"},{"taxonomy":"product_tag","embeddable":true,"href":"https:\/\/streetmarkets.fr\/app\/wp-json\/wp\/v2\/product_tag?post=2412837"}],"curies":[{"name":"wp","href":"https:\/\/api.w.org\/{rel}","templated":true}]}}