{"id":2412773,"date":"2025-08-06T07:36:49","date_gmt":"2025-08-06T05:36:49","guid":{"rendered":"https:\/\/streetmarkets.fr\/app\/produit\/gilet-clara-cachemire-madluv\/"},"modified":"2026-05-08T07:37:33","modified_gmt":"2026-05-08T05:37:33","slug":"gilet-clara-cachemire-madluv","status":"publish","type":"product","link":"https:\/\/streetmarkets.fr\/app\/produit\/gilet-clara-cachemire-madluv\/","title":{"rendered":"Gilet Clara Cachemire MADLUV"},"content":{"rendered":"<p>CLARA: Gilet col V, 2 fils cachemire, avec unimprim\u00e9 l\u00e9oparden cama\u00efeu de marrons.100% cachemire- Taille Unique &#8211; Imprim\u00e9 L\u00e9opard.La livraison est offerte pour la France M\u00e9tropolitaine !<\/p>\n","protected":false},"excerpt":{"rendered":"<p>CLARA: Gilet col V, 2 fils cachemire, avec unimprim\u00e9 l\u00e9oparden cama\u00efeu de marrons.100% cachemire- Taille Unique &#8211; Imprim\u00e9 L\u00e9opard.La livraison est offerte pour la France M\u00e9tropolitaine !<\/p>\n","protected":false},"featured_media":2412774,"comment_status":"open","ping_status":"closed","template":"","meta":[],"product_brand":[],"product_cat":[1756,1762],"product_tag":[2244],"acf":[],"_links":{"self":[{"href":"https:\/\/streetmarkets.fr\/app\/wp-json\/wp\/v2\/product\/2412773"}],"collection":[{"href":"https:\/\/streetmarkets.fr\/app\/wp-json\/wp\/v2\/product"}],"about":[{"href":"https:\/\/streetmarkets.fr\/app\/wp-json\/wp\/v2\/types\/product"}],"replies":[{"embeddable":true,"href":"https:\/\/streetmarkets.fr\/app\/wp-json\/wp\/v2\/comments?post=2412773"}],"wp:featuredmedia":[{"embeddable":true,"href":"https:\/\/streetmarkets.fr\/app\/wp-json\/wp\/v2\/media\/2412774"}],"wp:attachment":[{"href":"https:\/\/streetmarkets.fr\/app\/wp-json\/wp\/v2\/media?parent=2412773"}],"wp:term":[{"taxonomy":"product_brand","embeddable":true,"href":"https:\/\/streetmarkets.fr\/app\/wp-json\/wp\/v2\/product_brand?post=2412773"},{"taxonomy":"product_cat","embeddable":true,"href":"https:\/\/streetmarkets.fr\/app\/wp-json\/wp\/v2\/product_cat?post=2412773"},{"taxonomy":"product_tag","embeddable":true,"href":"https:\/\/streetmarkets.fr\/app\/wp-json\/wp\/v2\/product_tag?post=2412773"}],"curies":[{"name":"wp","href":"https:\/\/api.w.org\/{rel}","templated":true}]}}