{"id":2399112,"date":"2025-08-05T01:43:08","date_gmt":"2025-08-04T23:43:08","guid":{"rendered":"https:\/\/streetmarkets.fr\/app\/produit\/sneakers-vision-white-newlab\/"},"modified":"2026-04-30T01:40:42","modified_gmt":"2026-04-29T23:40:42","slug":"sneakers-vision-white-newlab","status":"publish","type":"product","link":"https:\/\/streetmarkets.fr\/app\/produit\/sneakers-vision-white-newlab\/","title":{"rendered":"Sneakers &#8211; Vision white &#8211; Newlab"},"content":{"rendered":"<p class=\"\">La Vision c\u2019est un mod\u00e8le sport, ultra l\u00e9g\u00e8re qui satisfera toute personne souhaitant marcher, courir, marcher et encore courir.<\/p>\n<p class=\"\">La Vision c\u2019est aussi \u00eatre \u00e9co responsable produite \u00e0 base de pomme, de microfibre et de bouteilles en plastiques. Et elle conserve toutes les qualit\u00e9s d\u2019une basket haut de gamme fabriqu\u00e9e au Portugal !<\/p>\n<p class=\"\">Doublure int\u00e9rieure beige.<\/p>\n<p class=\"\">Lacets en nylon.<\/p>\n<p class=\"\">Logo NEWLAB sur la langue et le talon.<\/p>\n<p class=\"\">Semelle int\u00e9rieure amovible avec rembourrage pour un confort optimal.<\/p>\n<p class=\"\">Semelle ext\u00e9rieure recycl\u00e9e cousue \u00e0 la main, Hauteur&nbsp;: 3cm.<\/p>\n","protected":false},"excerpt":{"rendered":"<p>La Vision c\u2019est un mod\u00e8le sport, ultra l\u00e9g\u00e8re qui satisfera toute personne souhaitant marcher, courir, marcher et encore courir. La Vision c\u2019est aussi \u00eatre \u00e9co responsable produite \u00e0 base de pomme, de microfibre et de bouteilles en plastiques. Et elle conserve toutes les qualit\u00e9s d\u2019une basket haut de gamme fabriqu\u00e9e au Portugal ! Doublure int\u00e9rieure [&hellip;]<\/p>\n","protected":false},"featured_media":2399113,"comment_status":"open","ping_status":"closed","template":"","meta":[],"product_brand":[],"product_cat":[1756,1759],"product_tag":[2244],"acf":[],"_links":{"self":[{"href":"https:\/\/streetmarkets.fr\/app\/wp-json\/wp\/v2\/product\/2399112"}],"collection":[{"href":"https:\/\/streetmarkets.fr\/app\/wp-json\/wp\/v2\/product"}],"about":[{"href":"https:\/\/streetmarkets.fr\/app\/wp-json\/wp\/v2\/types\/product"}],"replies":[{"embeddable":true,"href":"https:\/\/streetmarkets.fr\/app\/wp-json\/wp\/v2\/comments?post=2399112"}],"wp:featuredmedia":[{"embeddable":true,"href":"https:\/\/streetmarkets.fr\/app\/wp-json\/wp\/v2\/media\/2399113"}],"wp:attachment":[{"href":"https:\/\/streetmarkets.fr\/app\/wp-json\/wp\/v2\/media?parent=2399112"}],"wp:term":[{"taxonomy":"product_brand","embeddable":true,"href":"https:\/\/streetmarkets.fr\/app\/wp-json\/wp\/v2\/product_brand?post=2399112"},{"taxonomy":"product_cat","embeddable":true,"href":"https:\/\/streetmarkets.fr\/app\/wp-json\/wp\/v2\/product_cat?post=2399112"},{"taxonomy":"product_tag","embeddable":true,"href":"https:\/\/streetmarkets.fr\/app\/wp-json\/wp\/v2\/product_tag?post=2399112"}],"curies":[{"name":"wp","href":"https:\/\/api.w.org\/{rel}","templated":true}]}}