{"id":2324696,"date":"2025-07-26T02:07:22","date_gmt":"2025-07-26T00:07:22","guid":{"rendered":"https:\/\/streetmarkets.fr\/app\/produit\/nouveau-pomandere-surchemise-en-laine-kaki\/"},"modified":"2026-03-18T01:02:46","modified_gmt":"2026-03-18T00:02:46","slug":"nouveau-pomandere-surchemise-en-laine-kaki","status":"publish","type":"product","link":"https:\/\/streetmarkets.fr\/app\/produit\/nouveau-pomandere-surchemise-en-laine-kaki\/","title":{"rendered":"POMAND\u00c8RE Surchemise en Laine Kaki"},"content":{"rendered":"<p data-rte-preserve-empty=\"true\">Surchemise en coton et laine \u00e0 petits carreaux, coupe ample et droite, manches longues, emmanchure large et poignets resserr\u00e9s. <\/p>\n<p data-rte-preserve-empty=\"true\">D\u00e9tail : 55% coton, 45% laine <\/p>\n","protected":false},"excerpt":{"rendered":"<p>Surchemise en coton et laine \u00e0 petits carreaux, coupe ample et droite, manches longues, emmanchure large et poignets resserr\u00e9s. D\u00e9tail : 55% coton, 45% laine<\/p>\n","protected":false},"featured_media":2324697,"comment_status":"open","ping_status":"closed","template":"","meta":[],"product_brand":[],"product_cat":[1756,1762],"product_tag":[2244],"acf":[],"_links":{"self":[{"href":"https:\/\/streetmarkets.fr\/app\/wp-json\/wp\/v2\/product\/2324696"}],"collection":[{"href":"https:\/\/streetmarkets.fr\/app\/wp-json\/wp\/v2\/product"}],"about":[{"href":"https:\/\/streetmarkets.fr\/app\/wp-json\/wp\/v2\/types\/product"}],"replies":[{"embeddable":true,"href":"https:\/\/streetmarkets.fr\/app\/wp-json\/wp\/v2\/comments?post=2324696"}],"wp:featuredmedia":[{"embeddable":true,"href":"https:\/\/streetmarkets.fr\/app\/wp-json\/wp\/v2\/media\/2324697"}],"wp:attachment":[{"href":"https:\/\/streetmarkets.fr\/app\/wp-json\/wp\/v2\/media?parent=2324696"}],"wp:term":[{"taxonomy":"product_brand","embeddable":true,"href":"https:\/\/streetmarkets.fr\/app\/wp-json\/wp\/v2\/product_brand?post=2324696"},{"taxonomy":"product_cat","embeddable":true,"href":"https:\/\/streetmarkets.fr\/app\/wp-json\/wp\/v2\/product_cat?post=2324696"},{"taxonomy":"product_tag","embeddable":true,"href":"https:\/\/streetmarkets.fr\/app\/wp-json\/wp\/v2\/product_tag?post=2324696"}],"curies":[{"name":"wp","href":"https:\/\/api.w.org\/{rel}","templated":true}]}}