{"id":2279035,"date":"2025-07-20T00:59:02","date_gmt":"2025-07-19T22:59:02","guid":{"rendered":"https:\/\/streetmarkets.fr\/app\/produit\/puces-coeur-et-fleche-serpentine\/"},"modified":"2026-05-08T00:58:52","modified_gmt":"2026-05-07T22:58:52","slug":"puces-coeur-et-fleche-serpentine","status":"publish","type":"product","link":"https:\/\/streetmarkets.fr\/app\/produit\/puces-coeur-et-fleche-serpentine\/","title":{"rendered":"Puces Coeur et Fl\u00e8che Serpentine"},"content":{"rendered":"<p class=\"\" data-end=\"181\" data-start=\"133\">Puces C\u0153ur et Fl\u00e8che : l\u2019amour en plein c\u0153ur !<br \/>D\u00e9pareill\u00e9es, symboliques, envo\u00fbtantes\u2026 Ces puces jouent la carte du contraste amoureux. <br \/>D\u2019un c\u00f4t\u00e9, un c\u0153ur sacr\u00e9 serti d\u2019une serpentine facett\u00e9. De l\u2019autre, une fl\u00e8che dor\u00e9e, fine et l\u00e9g\u00e8re.<\/p>\n<p class=\"\" data-end=\"181\" data-start=\"133\">Ensemble, elles racontent une histoire d\u2019amour ardente, douce et mystique :\u00a0<br \/>\u2013 Une composition d\u00e9pareill\u00e9e ultra po\u00e9tique.<br data-end=\"534\" data-start=\"531\">\u2013 La Serpentine, pierre de protection et d\u2019ancrage, nich\u00e9 dans un c\u0153ur, gardien de s\u00e9r\u00e9nit\u00e9 et d&#8217;\u00e9quilibre.<br data-end=\"631\" data-start=\"628\">\u2013 Une fl\u00e8che fine et dor\u00e9e qui \u00e9voque Cupidon\u2026 ou une force divine qui transperce l\u2019\u00e2me.<br data-end=\"722\" data-start=\"719\">\u2013 Des finitions soign\u00e9es : laiton plaqu\u00e9 or et tiges en argent massif.<br data-end=\"795\" data-start=\"792\">\u2013 Une cr\u00e9ation fran\u00e7aise, fabriqu\u00e9e \u00e0 Paris avec amour et intention.<\/p>\n<p class=\"\" data-end=\"863\" data-start=\"446\">\u00c0 porter en duo ou \u00e0 m\u00e9langer avec d\u2019autres puces symboliques pour composer sa propre d\u00e9claration.<\/p>\n","protected":false},"excerpt":{"rendered":"<p>Puces C\u0153ur et Fl\u00e8che : l\u2019amour en plein c\u0153ur !D\u00e9pareill\u00e9es, symboliques, envo\u00fbtantes\u2026 Ces puces jouent la carte du contraste amoureux. D\u2019un c\u00f4t\u00e9, un c\u0153ur sacr\u00e9 serti d\u2019une serpentine facett\u00e9. De l\u2019autre, une fl\u00e8che dor\u00e9e, fine et l\u00e9g\u00e8re. Ensemble, elles racontent une histoire d\u2019amour ardente, douce et mystique :\u00a0\u2013 Une composition d\u00e9pareill\u00e9e ultra po\u00e9tique.\u2013 La Serpentine, [&hellip;]<\/p>\n","protected":false},"featured_media":2279036,"comment_status":"open","ping_status":"closed","template":"","meta":[],"product_brand":[],"product_cat":[1807,1756],"product_tag":[1813],"acf":[],"_links":{"self":[{"href":"https:\/\/streetmarkets.fr\/app\/wp-json\/wp\/v2\/product\/2279035"}],"collection":[{"href":"https:\/\/streetmarkets.fr\/app\/wp-json\/wp\/v2\/product"}],"about":[{"href":"https:\/\/streetmarkets.fr\/app\/wp-json\/wp\/v2\/types\/product"}],"replies":[{"embeddable":true,"href":"https:\/\/streetmarkets.fr\/app\/wp-json\/wp\/v2\/comments?post=2279035"}],"wp:featuredmedia":[{"embeddable":true,"href":"https:\/\/streetmarkets.fr\/app\/wp-json\/wp\/v2\/media\/2279036"}],"wp:attachment":[{"href":"https:\/\/streetmarkets.fr\/app\/wp-json\/wp\/v2\/media?parent=2279035"}],"wp:term":[{"taxonomy":"product_brand","embeddable":true,"href":"https:\/\/streetmarkets.fr\/app\/wp-json\/wp\/v2\/product_brand?post=2279035"},{"taxonomy":"product_cat","embeddable":true,"href":"https:\/\/streetmarkets.fr\/app\/wp-json\/wp\/v2\/product_cat?post=2279035"},{"taxonomy":"product_tag","embeddable":true,"href":"https:\/\/streetmarkets.fr\/app\/wp-json\/wp\/v2\/product_tag?post=2279035"}],"curies":[{"name":"wp","href":"https:\/\/api.w.org\/{rel}","templated":true}]}}