{"id":2272850,"date":"2025-07-19T02:09:15","date_gmt":"2025-07-19T00:09:15","guid":{"rendered":"https:\/\/streetmarkets.fr\/app\/produit\/nouveau-xirena-chemise-beau-cascade-stripes\/"},"modified":"2026-02-07T01:03:51","modified_gmt":"2026-02-07T00:03:51","slug":"nouveau-xirena-chemise-beau-cascade-stripes","status":"publish","type":"product","link":"https:\/\/streetmarkets.fr\/app\/produit\/nouveau-xirena-chemise-beau-cascade-stripes\/","title":{"rendered":"Nouveau ! XIRENA Chemise Beau Cascade Stripes"},"content":{"rendered":"<p data-rte-preserve-empty=\"true\">Chemise en coton \u00e0 rayures, coupe ample et droite, manches longues et poignets resserr\u00e9s. Souple, ultra douce et \u00e9l\u00e9gante. \u00c9galement disponible dans la couleur Toffee Stripe. <\/p>\n<p data-rte-preserve-empty=\"true\">D\u00e9tail : 100% coton<\/p>\n","protected":false},"excerpt":{"rendered":"<p>Chemise en coton \u00e0 rayures, coupe ample et droite, manches longues et poignets resserr\u00e9s. Souple, ultra douce et \u00e9l\u00e9gante. \u00c9galement disponible dans la couleur Toffee Stripe. D\u00e9tail : 100% coton<\/p>\n","protected":false},"featured_media":2272851,"comment_status":"open","ping_status":"closed","template":"","meta":[],"product_brand":[],"product_cat":[1756,1762],"product_tag":[2244],"acf":[],"_links":{"self":[{"href":"https:\/\/streetmarkets.fr\/app\/wp-json\/wp\/v2\/product\/2272850"}],"collection":[{"href":"https:\/\/streetmarkets.fr\/app\/wp-json\/wp\/v2\/product"}],"about":[{"href":"https:\/\/streetmarkets.fr\/app\/wp-json\/wp\/v2\/types\/product"}],"replies":[{"embeddable":true,"href":"https:\/\/streetmarkets.fr\/app\/wp-json\/wp\/v2\/comments?post=2272850"}],"wp:featuredmedia":[{"embeddable":true,"href":"https:\/\/streetmarkets.fr\/app\/wp-json\/wp\/v2\/media\/2272851"}],"wp:attachment":[{"href":"https:\/\/streetmarkets.fr\/app\/wp-json\/wp\/v2\/media?parent=2272850"}],"wp:term":[{"taxonomy":"product_brand","embeddable":true,"href":"https:\/\/streetmarkets.fr\/app\/wp-json\/wp\/v2\/product_brand?post=2272850"},{"taxonomy":"product_cat","embeddable":true,"href":"https:\/\/streetmarkets.fr\/app\/wp-json\/wp\/v2\/product_cat?post=2272850"},{"taxonomy":"product_tag","embeddable":true,"href":"https:\/\/streetmarkets.fr\/app\/wp-json\/wp\/v2\/product_tag?post=2272850"}],"curies":[{"name":"wp","href":"https:\/\/api.w.org\/{rel}","templated":true}]}}