{"id":2250690,"date":"2025-07-17T01:28:26","date_gmt":"2025-07-16T23:28:26","guid":{"rendered":"https:\/\/streetmarkets.fr\/app\/produit\/sweat-a-capuche-ecru\/"},"modified":"2025-12-14T00:29:18","modified_gmt":"2025-12-13T23:29:18","slug":"sweat-a-capuche-ecru","status":"publish","type":"product","link":"https:\/\/streetmarkets.fr\/app\/produit\/sweat-a-capuche-ecru\/","title":{"rendered":"Sweat \u00e0 Capuche Ecru"},"content":{"rendered":"<p>Sweat \u00e0 capuche coupe loose, \u00e9paules tombantes, deux poches plaqu\u00e9es avant, fermeture par zip contrast\u00e9<\/p>\n<p>50% Viscose 50% Polyester<\/p>\n","protected":false},"excerpt":{"rendered":"<p>Sweat \u00e0 capuche coupe loose, \u00e9paules tombantes, deux poches plaqu\u00e9es avant, fermeture par zip contrast\u00e9 50% Viscose 50% Polyester<\/p>\n","protected":false},"featured_media":2250693,"comment_status":"open","ping_status":"closed","template":"","meta":[],"product_brand":[],"product_cat":[1756,1762],"product_tag":[1810],"acf":[],"_links":{"self":[{"href":"https:\/\/streetmarkets.fr\/app\/wp-json\/wp\/v2\/product\/2250690"}],"collection":[{"href":"https:\/\/streetmarkets.fr\/app\/wp-json\/wp\/v2\/product"}],"about":[{"href":"https:\/\/streetmarkets.fr\/app\/wp-json\/wp\/v2\/types\/product"}],"replies":[{"embeddable":true,"href":"https:\/\/streetmarkets.fr\/app\/wp-json\/wp\/v2\/comments?post=2250690"}],"wp:featuredmedia":[{"embeddable":true,"href":"https:\/\/streetmarkets.fr\/app\/wp-json\/wp\/v2\/media\/2250693"}],"wp:attachment":[{"href":"https:\/\/streetmarkets.fr\/app\/wp-json\/wp\/v2\/media?parent=2250690"}],"wp:term":[{"taxonomy":"product_brand","embeddable":true,"href":"https:\/\/streetmarkets.fr\/app\/wp-json\/wp\/v2\/product_brand?post=2250690"},{"taxonomy":"product_cat","embeddable":true,"href":"https:\/\/streetmarkets.fr\/app\/wp-json\/wp\/v2\/product_cat?post=2250690"},{"taxonomy":"product_tag","embeddable":true,"href":"https:\/\/streetmarkets.fr\/app\/wp-json\/wp\/v2\/product_tag?post=2250690"}],"curies":[{"name":"wp","href":"https:\/\/api.w.org\/{rel}","templated":true}]}}