{"id":2237819,"date":"2025-07-14T06:52:28","date_gmt":"2025-07-14T04:52:28","guid":{"rendered":"https:\/\/streetmarkets.fr\/app\/produit\/loose-shirt-3193\/"},"modified":"2026-03-16T05:48:45","modified_gmt":"2026-03-16T04:48:45","slug":"loose-shirt-3193","status":"publish","type":"product","link":"https:\/\/streetmarkets.fr\/app\/produit\/loose-shirt-3193\/","title":{"rendered":"Loose Shirt 3193"},"content":{"rendered":"<p dir=\"auto\">D\u00e9couvrez notre <strong>chemise mi-saison Loose Shirt 3193<\/strong>, de la marque <strong>Revolution<\/strong>, confectionn\u00e9e dans un doux tissu de <strong>coton bio<\/strong>, alliant confort et \u00e9l\u00e9gance. Cette chemise ample est con\u00e7ue avec une poche poitrine unique, finement coup\u00e9e, et une fermeture boutonn\u00e9e \u00e0 l&#8217;avant, agr\u00e9ment\u00e9e de boutons \u00e0 4 trous. Les poignets ajustables offrent un confort suppl\u00e9mentaire, faisant de cette pi\u00e8ce un incontournable de votre garde-robe.<\/p>\n<p dir=\"auto\">Parfaite pour les journ\u00e9es douces ou les soir\u00e9es fra\u00eeches, cette chemise <strong>se marie ais\u00e9ment avec un jean d\u00e9contract\u00e9 ou un pantalon chino <\/strong>pour un look plus sophistiqu\u00e9.<\/p>\n<p dir=\"auto\">La boutique Homme Harold, nich\u00e9e au c\u0153ur du Marais \u00e0 Paris, vous propose des pi\u00e8ces mode intemporelles et de qualit\u00e9. Venez d\u00e9couvrir notre collection et laissez-vous s\u00e9duire par l&#8217;\u00e9l\u00e9gance et le confort in\u00e9gal\u00e9 de notre collection. Harold l&#8217;adresse incontournable pour les hommes en qu\u00eate de style et de qualit\u00e9.<\/p>\n","protected":false},"excerpt":{"rendered":"<p>D\u00e9couvrez notre chemise mi-saison Loose Shirt 3193, de la marque Revolution, confectionn\u00e9e dans un doux tissu de coton bio, alliant confort et \u00e9l\u00e9gance. Cette chemise ample est con\u00e7ue avec une poche poitrine unique, finement coup\u00e9e, et une fermeture boutonn\u00e9e \u00e0 l&#8217;avant, agr\u00e9ment\u00e9e de boutons \u00e0 4 trous. Les poignets ajustables offrent un confort suppl\u00e9mentaire, faisant [&hellip;]<\/p>\n","protected":false},"featured_media":2237820,"comment_status":"open","ping_status":"closed","template":"","meta":[],"product_brand":[],"product_cat":[1756,1758],"product_tag":[2244],"acf":[],"_links":{"self":[{"href":"https:\/\/streetmarkets.fr\/app\/wp-json\/wp\/v2\/product\/2237819"}],"collection":[{"href":"https:\/\/streetmarkets.fr\/app\/wp-json\/wp\/v2\/product"}],"about":[{"href":"https:\/\/streetmarkets.fr\/app\/wp-json\/wp\/v2\/types\/product"}],"replies":[{"embeddable":true,"href":"https:\/\/streetmarkets.fr\/app\/wp-json\/wp\/v2\/comments?post=2237819"}],"wp:featuredmedia":[{"embeddable":true,"href":"https:\/\/streetmarkets.fr\/app\/wp-json\/wp\/v2\/media\/2237820"}],"wp:attachment":[{"href":"https:\/\/streetmarkets.fr\/app\/wp-json\/wp\/v2\/media?parent=2237819"}],"wp:term":[{"taxonomy":"product_brand","embeddable":true,"href":"https:\/\/streetmarkets.fr\/app\/wp-json\/wp\/v2\/product_brand?post=2237819"},{"taxonomy":"product_cat","embeddable":true,"href":"https:\/\/streetmarkets.fr\/app\/wp-json\/wp\/v2\/product_cat?post=2237819"},{"taxonomy":"product_tag","embeddable":true,"href":"https:\/\/streetmarkets.fr\/app\/wp-json\/wp\/v2\/product_tag?post=2237819"}],"curies":[{"name":"wp","href":"https:\/\/api.w.org\/{rel}","templated":true}]}}