{"id":2237624,"date":"2025-07-14T06:42:28","date_gmt":"2025-07-14T04:42:28","guid":{"rendered":"https:\/\/streetmarkets.fr\/app\/produit\/berg-linen-ss-knit-open-polo\/"},"modified":"2026-03-16T05:42:47","modified_gmt":"2026-03-16T04:42:47","slug":"berg-linen-ss-knit-open-polo","status":"publish","type":"product","link":"https:\/\/streetmarkets.fr\/app\/produit\/berg-linen-ss-knit-open-polo\/","title":{"rendered":"Berg Linen SS Knit Open Polo"},"content":{"rendered":"<p><span data-sheets-root=\"1\" data-sheets-value=\"{&quot;1&quot;:2,&quot;2&quot;:&quot;D\u00e9couvrez le polo Berg Linen SS Knit Open de SELECTED, disponible dans deux couleurs \\&quot;Pure Cashmere\\&quot; et Cameo Rose chez Harold. Ce mariage parfait de coton et de lin est id\u00e9al pour les journ\u00e9es chaudes \u00e0 venir. Confectionn\u00e9 dans un tissu m\u00e9lang\u00e9 l\u00e9ger, doux et r\u00e9sistant, ce polo en maille offre confort et \u00e9l\u00e9gance pour toutes occasions.\\n\\nDot\u00e9 d'un col Johnny et de manches courtes, ce polo pr\u00e9sente des surpiq\u00fbres aux \u00e9paules et des ourlets c\u00f4tel\u00e9s pour un ajustement parfait. Sa coupe classique lui conf\u00e8re une polyvalence qui convient aussi bien aux occasions d\u00e9contract\u00e9es que formelles.\\n\\nAssociez-le avec un jean pour un look d\u00e9contract\u00e9 ou un pantalon de tailleur pour une touche plus \u00e9l\u00e9gante. Avec sa qualit\u00e9 de maille et son mariage de coton et de lin, ce polo est un indispensable pour votre garde-robe estivale.\\n\\nOptez pour le polo Berg Linen SS Knit Open de SELECTED pour un style raffin\u00e9 et confortable lors des journ\u00e9es ensoleill\u00e9es. Disponible d\u00e8s maintenant chez Harold \u00e0 Paris.&quot;}\" data-sheets-userformat='{\"2\":897,\"3\":{\"1\":0},\"10\":1,\"11\":4,\"12\":0}'>D\u00e9couvrez le <strong>polo Berg Linen SS Knit Open<\/strong> de <strong>Selected<\/strong>, disponible dans deux couleurs &#8220;Pure Cashmere&#8221; et &#8220;Cameo Rose&#8221; chez <strong>Harold<\/strong>. Ce mariage parfait de <strong>coton <\/strong>et de <strong>lin <\/strong>est id\u00e9al pour les journ\u00e9es chaudes \u00e0 venir. Confectionn\u00e9 dans un tissu m\u00e9lang\u00e9 l\u00e9ger, doux et r\u00e9sistant, ce<strong> polo en maille<\/strong> offre confort et \u00e9l\u00e9gance pour toutes occasions.<\/p>\n<p>Dot\u00e9 d&#8217;un <strong>col Johnny<\/strong> et de <strong>manches courtes<\/strong>, ce polo pr\u00e9sente des surpiq\u00fbres aux \u00e9paules et des <strong>ourlets c\u00f4tel\u00e9s<\/strong> pour un ajustement parfait. Sa <strong>coupe classique<\/strong> lui conf\u00e8re une polyvalence qui convient aussi bien aux <strong>occasions d\u00e9contract\u00e9es<\/strong> que formelles.<\/p>\n<p><strong>Associez-le<\/strong> avec un jean pour un<strong> look d\u00e9contract\u00e9<\/strong> ou un pantalon de tailleur pour une touche plus \u00e9l\u00e9gante. Avec sa qualit\u00e9 de maille et son mariage de coton et de lin, ce polo est un indispensable pour votre garde-robe estivale.<\/p>\n<p>Optez pour le polo <strong>Berg Linen SS Knit Open<\/strong> de <strong>Selected <\/strong>pour un style raffin\u00e9 et confortable lors des journ\u00e9es ensoleill\u00e9es. Disponible d\u00e8s maintenant chez <strong>Harold <\/strong>\u00e0 Paris.<\/span><\/p>\n<p><!--td {border: 1px solid #cccccc;}br {mso-data-placement:same-cell;}--><\/p>\n","protected":false},"excerpt":{"rendered":"<p>D\u00e9couvrez le polo Berg Linen SS Knit Open de Selected, disponible dans deux couleurs &#8220;Pure Cashmere&#8221; et &#8220;Cameo Rose&#8221; chez Harold. Ce mariage parfait de coton et de lin est id\u00e9al pour les journ\u00e9es chaudes \u00e0 venir. Confectionn\u00e9 dans un tissu m\u00e9lang\u00e9 l\u00e9ger, doux et r\u00e9sistant, ce polo en maille offre confort et \u00e9l\u00e9gance pour [&hellip;]<\/p>\n","protected":false},"featured_media":2237625,"comment_status":"open","ping_status":"closed","template":"","meta":[],"product_brand":[],"product_cat":[1756,1758],"product_tag":[2244,1811],"acf":[],"_links":{"self":[{"href":"https:\/\/streetmarkets.fr\/app\/wp-json\/wp\/v2\/product\/2237624"}],"collection":[{"href":"https:\/\/streetmarkets.fr\/app\/wp-json\/wp\/v2\/product"}],"about":[{"href":"https:\/\/streetmarkets.fr\/app\/wp-json\/wp\/v2\/types\/product"}],"replies":[{"embeddable":true,"href":"https:\/\/streetmarkets.fr\/app\/wp-json\/wp\/v2\/comments?post=2237624"}],"wp:featuredmedia":[{"embeddable":true,"href":"https:\/\/streetmarkets.fr\/app\/wp-json\/wp\/v2\/media\/2237625"}],"wp:attachment":[{"href":"https:\/\/streetmarkets.fr\/app\/wp-json\/wp\/v2\/media?parent=2237624"}],"wp:term":[{"taxonomy":"product_brand","embeddable":true,"href":"https:\/\/streetmarkets.fr\/app\/wp-json\/wp\/v2\/product_brand?post=2237624"},{"taxonomy":"product_cat","embeddable":true,"href":"https:\/\/streetmarkets.fr\/app\/wp-json\/wp\/v2\/product_cat?post=2237624"},{"taxonomy":"product_tag","embeddable":true,"href":"https:\/\/streetmarkets.fr\/app\/wp-json\/wp\/v2\/product_tag?post=2237624"}],"curies":[{"name":"wp","href":"https:\/\/api.w.org\/{rel}","templated":true}]}}