{"id":2224824,"date":"2025-07-13T01:26:38","date_gmt":"2025-07-12T23:26:38","guid":{"rendered":"https:\/\/streetmarkets.fr\/app\/produit\/robe-flowers-noire\/"},"modified":"2025-12-14T00:29:18","modified_gmt":"2025-12-13T23:29:18","slug":"robe-flowers-noire","status":"publish","type":"product","link":"https:\/\/streetmarkets.fr\/app\/produit\/robe-flowers-noire\/","title":{"rendered":"Robe Flowers Noire"},"content":{"rendered":"<p>Robe midi \u00e0 imprim\u00e9 fleuri, boutonnage sur toute la longueur avant, coupe cintr\u00e9e, bretelles \u00e0 froufrous \u00e9lastiqu\u00e9es<br \/>\n100% Viscose<\/p>\n<p>&nbsp;<\/p>\n","protected":false},"excerpt":{"rendered":"<p>Robe midi \u00e0 imprim\u00e9 fleuri, boutonnage sur toute la longueur avant, coupe cintr\u00e9e, bretelles \u00e0 froufrous \u00e9lastiqu\u00e9es 100% Viscose &nbsp;<\/p>\n","protected":false},"featured_media":2224825,"comment_status":"open","ping_status":"closed","template":"","meta":[],"product_brand":[],"product_cat":[1756,1762],"product_tag":[1810],"acf":[],"_links":{"self":[{"href":"https:\/\/streetmarkets.fr\/app\/wp-json\/wp\/v2\/product\/2224824"}],"collection":[{"href":"https:\/\/streetmarkets.fr\/app\/wp-json\/wp\/v2\/product"}],"about":[{"href":"https:\/\/streetmarkets.fr\/app\/wp-json\/wp\/v2\/types\/product"}],"replies":[{"embeddable":true,"href":"https:\/\/streetmarkets.fr\/app\/wp-json\/wp\/v2\/comments?post=2224824"}],"wp:featuredmedia":[{"embeddable":true,"href":"https:\/\/streetmarkets.fr\/app\/wp-json\/wp\/v2\/media\/2224825"}],"wp:attachment":[{"href":"https:\/\/streetmarkets.fr\/app\/wp-json\/wp\/v2\/media?parent=2224824"}],"wp:term":[{"taxonomy":"product_brand","embeddable":true,"href":"https:\/\/streetmarkets.fr\/app\/wp-json\/wp\/v2\/product_brand?post=2224824"},{"taxonomy":"product_cat","embeddable":true,"href":"https:\/\/streetmarkets.fr\/app\/wp-json\/wp\/v2\/product_cat?post=2224824"},{"taxonomy":"product_tag","embeddable":true,"href":"https:\/\/streetmarkets.fr\/app\/wp-json\/wp\/v2\/product_tag?post=2224824"}],"curies":[{"name":"wp","href":"https:\/\/api.w.org\/{rel}","templated":true}]}}