{"id":2224665,"date":"2025-07-13T00:59:46","date_gmt":"2025-07-12T22:59:46","guid":{"rendered":"https:\/\/streetmarkets.fr\/app\/produit\/jonc-aya-lion\/"},"modified":"2026-05-08T00:58:52","modified_gmt":"2026-05-07T22:58:52","slug":"jonc-aya-lion","status":"publish","type":"product","link":"https:\/\/streetmarkets.fr\/app\/produit\/jonc-aya-lion\/","title":{"rendered":"Jonc Aya Lion"},"content":{"rendered":"<p>Bracelet jonc Aya Lion Torsad\u00e9 : Force mystique autour du poignet !\u00a0<br \/>Avec son jonc torsad\u00e9 et ses deux t\u00eates de lion finement sculpt\u00e9es, ce bracelet impose sa pr\u00e9sence tout en subtilit\u00e9. Un bijou-totem \u00e0 l\u2019allure antique, pens\u00e9 pour incarner puissance et protection.<\/p>\n<p>Pourquoi on l\u2019adopte :<br data-start=\"594\" data-end=\"597\">\u2013 Les d\u00e9tails des t\u00eates de lion.<br data-start=\"636\" data-end=\"639\">\u2013 Le jonc torsad\u00e9 inspir\u00e9 des bijoux anciens.<br data-start=\"683\" data-end=\"686\">\u2013 Un mod\u00e8le ajustable, qui s\u2019adapte \u00e0 toutes et tous.<br data-start=\"730\" data-end=\"733\">\u2013 Un bijou charg\u00e9 d\u2019histoire et de magie.<\/p>\n<p>On adore sa forme ajustable : il suffit de l\u2019\u00e9carter l\u00e9g\u00e8rement pour l\u2019enfiler, puis de le resserrer au gr\u00e9 de son poignet. Son esprit vintage, twist\u00e9 d\u2019une touche mystique, en fait une pi\u00e8ce aussi symbolique que styl\u00e9e.<\/p>\n","protected":false},"excerpt":{"rendered":"<p>Bracelet jonc Aya Lion Torsad\u00e9 : Force mystique autour du poignet !\u00a0Avec son jonc torsad\u00e9 et ses deux t\u00eates de lion finement sculpt\u00e9es, ce bracelet impose sa pr\u00e9sence tout en subtilit\u00e9. Un bijou-totem \u00e0 l\u2019allure antique, pens\u00e9 pour incarner puissance et protection. Pourquoi on l\u2019adopte :\u2013 Les d\u00e9tails des t\u00eates de lion.\u2013 Le jonc torsad\u00e9 [&hellip;]<\/p>\n","protected":false},"featured_media":2224666,"comment_status":"open","ping_status":"closed","template":"","meta":[],"product_brand":[],"product_cat":[1807,1756],"product_tag":[1813],"acf":[],"_links":{"self":[{"href":"https:\/\/streetmarkets.fr\/app\/wp-json\/wp\/v2\/product\/2224665"}],"collection":[{"href":"https:\/\/streetmarkets.fr\/app\/wp-json\/wp\/v2\/product"}],"about":[{"href":"https:\/\/streetmarkets.fr\/app\/wp-json\/wp\/v2\/types\/product"}],"replies":[{"embeddable":true,"href":"https:\/\/streetmarkets.fr\/app\/wp-json\/wp\/v2\/comments?post=2224665"}],"wp:featuredmedia":[{"embeddable":true,"href":"https:\/\/streetmarkets.fr\/app\/wp-json\/wp\/v2\/media\/2224666"}],"wp:attachment":[{"href":"https:\/\/streetmarkets.fr\/app\/wp-json\/wp\/v2\/media?parent=2224665"}],"wp:term":[{"taxonomy":"product_brand","embeddable":true,"href":"https:\/\/streetmarkets.fr\/app\/wp-json\/wp\/v2\/product_brand?post=2224665"},{"taxonomy":"product_cat","embeddable":true,"href":"https:\/\/streetmarkets.fr\/app\/wp-json\/wp\/v2\/product_cat?post=2224665"},{"taxonomy":"product_tag","embeddable":true,"href":"https:\/\/streetmarkets.fr\/app\/wp-json\/wp\/v2\/product_tag?post=2224665"}],"curies":[{"name":"wp","href":"https:\/\/api.w.org\/{rel}","templated":true}]}}