{"id":2215193,"date":"2025-07-11T08:41:19","date_gmt":"2025-07-11T06:41:19","guid":{"rendered":"https:\/\/streetmarkets.fr\/app\/produit\/collier-pamela-argent-bicolore-hanka-in\/"},"modified":"2026-05-03T08:38:34","modified_gmt":"2026-05-03T06:38:34","slug":"collier-pamela-argent-bicolore-hanka-in","status":"publish","type":"product","link":"https:\/\/streetmarkets.fr\/app\/produit\/collier-pamela-argent-bicolore-hanka-in\/","title":{"rendered":"Collier Pamela argent bicolore &#8211; Hanka In"},"content":{"rendered":"<p>Collier maille d&#8217;une largeur de 1 cm plaqu\u00e9 argent avec finition dor\u00e9e aux extr\u00e9mit\u00e9s.\u00a0<\/p>\n<p>Originalit\u00e9 : le contraste de la finition couleur : le fermoir et la cha\u00eene de r\u00e9glage sont dor\u00e9s et la chaine en argent.\u00a0\u00a0<\/p>\n<p><strong>Cr\u00e9atrice fran\u00e7aise Hanka In<\/strong>, les mod\u00e8les sont dessin\u00e9s et fabriqu\u00e9s en France.<\/p>\n","protected":false},"excerpt":{"rendered":"<p>Collier maille d&#8217;une largeur de 1 cm plaqu\u00e9 argent avec finition dor\u00e9e aux extr\u00e9mit\u00e9s.\u00a0 Originalit\u00e9 : le contraste de la finition couleur : le fermoir et la cha\u00eene de r\u00e9glage sont dor\u00e9s et la chaine en argent.\u00a0\u00a0 Cr\u00e9atrice fran\u00e7aise Hanka In, les mod\u00e8les sont dessin\u00e9s et fabriqu\u00e9s en France.<\/p>\n","protected":false},"featured_media":2215194,"comment_status":"open","ping_status":"closed","template":"","meta":[],"product_brand":[],"product_cat":[1807,1756],"product_tag":[2244],"acf":[],"_links":{"self":[{"href":"https:\/\/streetmarkets.fr\/app\/wp-json\/wp\/v2\/product\/2215193"}],"collection":[{"href":"https:\/\/streetmarkets.fr\/app\/wp-json\/wp\/v2\/product"}],"about":[{"href":"https:\/\/streetmarkets.fr\/app\/wp-json\/wp\/v2\/types\/product"}],"replies":[{"embeddable":true,"href":"https:\/\/streetmarkets.fr\/app\/wp-json\/wp\/v2\/comments?post=2215193"}],"wp:featuredmedia":[{"embeddable":true,"href":"https:\/\/streetmarkets.fr\/app\/wp-json\/wp\/v2\/media\/2215194"}],"wp:attachment":[{"href":"https:\/\/streetmarkets.fr\/app\/wp-json\/wp\/v2\/media?parent=2215193"}],"wp:term":[{"taxonomy":"product_brand","embeddable":true,"href":"https:\/\/streetmarkets.fr\/app\/wp-json\/wp\/v2\/product_brand?post=2215193"},{"taxonomy":"product_cat","embeddable":true,"href":"https:\/\/streetmarkets.fr\/app\/wp-json\/wp\/v2\/product_cat?post=2215193"},{"taxonomy":"product_tag","embeddable":true,"href":"https:\/\/streetmarkets.fr\/app\/wp-json\/wp\/v2\/product_tag?post=2215193"}],"curies":[{"name":"wp","href":"https:\/\/api.w.org\/{rel}","templated":true}]}}