{"id":2190161,"date":"2025-07-07T02:07:51","date_gmt":"2025-07-07T00:07:51","guid":{"rendered":"https:\/\/streetmarkets.fr\/app\/produit\/nouveau-laurence-bras-gilet-twin-burgundy\/"},"modified":"2026-04-04T01:59:36","modified_gmt":"2026-04-03T23:59:36","slug":"nouveau-laurence-bras-gilet-twin-burgundy","status":"publish","type":"product","link":"https:\/\/streetmarkets.fr\/app\/produit\/nouveau-laurence-bras-gilet-twin-burgundy\/","title":{"rendered":"LAURENCE BRAS Gilet Twin Burgundy -40%"},"content":{"rendered":"<p class=\"\" data-rte-preserve-empty=\"true\">Gilet en laine boutonn\u00e9 coupe droite, encolure arrondie, manches longues et poignets resserr\u00e9s, doux et chaud. \u00c9galement disponible dans la couleur Medium Grey.<\/p>\n<p class=\"\" data-rte-preserve-empty=\"true\">D\u00e9tail : 100% laine<\/p>\n","protected":false},"excerpt":{"rendered":"<p>Gilet en laine boutonn\u00e9 coupe droite, encolure arrondie, manches longues et poignets resserr\u00e9s, doux et chaud. \u00c9galement disponible dans la couleur Medium Grey. D\u00e9tail : 100% laine<\/p>\n","protected":false},"featured_media":2190162,"comment_status":"open","ping_status":"closed","template":"","meta":[],"product_brand":[],"product_cat":[1756,1762],"product_tag":[2244],"acf":[],"_links":{"self":[{"href":"https:\/\/streetmarkets.fr\/app\/wp-json\/wp\/v2\/product\/2190161"}],"collection":[{"href":"https:\/\/streetmarkets.fr\/app\/wp-json\/wp\/v2\/product"}],"about":[{"href":"https:\/\/streetmarkets.fr\/app\/wp-json\/wp\/v2\/types\/product"}],"replies":[{"embeddable":true,"href":"https:\/\/streetmarkets.fr\/app\/wp-json\/wp\/v2\/comments?post=2190161"}],"wp:featuredmedia":[{"embeddable":true,"href":"https:\/\/streetmarkets.fr\/app\/wp-json\/wp\/v2\/media\/2190162"}],"wp:attachment":[{"href":"https:\/\/streetmarkets.fr\/app\/wp-json\/wp\/v2\/media?parent=2190161"}],"wp:term":[{"taxonomy":"product_brand","embeddable":true,"href":"https:\/\/streetmarkets.fr\/app\/wp-json\/wp\/v2\/product_brand?post=2190161"},{"taxonomy":"product_cat","embeddable":true,"href":"https:\/\/streetmarkets.fr\/app\/wp-json\/wp\/v2\/product_cat?post=2190161"},{"taxonomy":"product_tag","embeddable":true,"href":"https:\/\/streetmarkets.fr\/app\/wp-json\/wp\/v2\/product_tag?post=2190161"}],"curies":[{"name":"wp","href":"https:\/\/api.w.org\/{rel}","templated":true}]}}