{"id":2190096,"date":"2025-07-07T02:07:41","date_gmt":"2025-07-07T00:07:41","guid":{"rendered":"https:\/\/streetmarkets.fr\/app\/produit\/nouveau-masscob-robe-clara-beige\/"},"modified":"2026-05-06T01:59:36","modified_gmt":"2026-05-05T23:59:36","slug":"nouveau-masscob-robe-clara-beige","status":"publish","type":"product","link":"https:\/\/streetmarkets.fr\/app\/produit\/nouveau-masscob-robe-clara-beige\/","title":{"rendered":"MASSCOB Robe Clara Beige -50%"},"content":{"rendered":"<p data-rte-preserve-empty=\"true\">Robe longue en soie \u00e0 motif floral, boutonn\u00e9e sur toute la hauteur, coupe ample, et lavali\u00e8re amovible. Manches longues et poignets resserr\u00e9s, emmanchure large, deux poches lat\u00e9rales. \u00c9galement disponible dans la couleur Night. Le mod\u00e8le taille grand et se porte grand.<\/p>\n<p data-rte-preserve-empty=\"true\">Sur la photo la robe est port\u00e9e avec la veste Tracey Fog. <\/p>\n<p data-rte-preserve-empty=\"true\">D\u00e9tail : 100% soie <\/p>\n","protected":false},"excerpt":{"rendered":"<p>Robe longue en soie \u00e0 motif floral, boutonn\u00e9e sur toute la hauteur, coupe ample, et lavali\u00e8re amovible. Manches longues et poignets resserr\u00e9s, emmanchure large, deux poches lat\u00e9rales. \u00c9galement disponible dans la couleur Night. Le mod\u00e8le taille grand et se porte grand. Sur la photo la robe est port\u00e9e avec la veste Tracey Fog. D\u00e9tail : [&hellip;]<\/p>\n","protected":false},"featured_media":2190097,"comment_status":"open","ping_status":"closed","template":"","meta":[],"product_brand":[],"product_cat":[1756,1762],"product_tag":[2244],"acf":[],"_links":{"self":[{"href":"https:\/\/streetmarkets.fr\/app\/wp-json\/wp\/v2\/product\/2190096"}],"collection":[{"href":"https:\/\/streetmarkets.fr\/app\/wp-json\/wp\/v2\/product"}],"about":[{"href":"https:\/\/streetmarkets.fr\/app\/wp-json\/wp\/v2\/types\/product"}],"replies":[{"embeddable":true,"href":"https:\/\/streetmarkets.fr\/app\/wp-json\/wp\/v2\/comments?post=2190096"}],"wp:featuredmedia":[{"embeddable":true,"href":"https:\/\/streetmarkets.fr\/app\/wp-json\/wp\/v2\/media\/2190097"}],"wp:attachment":[{"href":"https:\/\/streetmarkets.fr\/app\/wp-json\/wp\/v2\/media?parent=2190096"}],"wp:term":[{"taxonomy":"product_brand","embeddable":true,"href":"https:\/\/streetmarkets.fr\/app\/wp-json\/wp\/v2\/product_brand?post=2190096"},{"taxonomy":"product_cat","embeddable":true,"href":"https:\/\/streetmarkets.fr\/app\/wp-json\/wp\/v2\/product_cat?post=2190096"},{"taxonomy":"product_tag","embeddable":true,"href":"https:\/\/streetmarkets.fr\/app\/wp-json\/wp\/v2\/product_tag?post=2190096"}],"curies":[{"name":"wp","href":"https:\/\/api.w.org\/{rel}","templated":true}]}}