{"id":2183179,"date":"2025-07-06T01:53:30","date_gmt":"2025-07-05T23:53:30","guid":{"rendered":"https:\/\/streetmarkets.fr\/app\/produit\/pull-cardigan-h25-femme-creamy-yellow\/"},"modified":"2026-03-09T00:48:57","modified_gmt":"2026-03-08T23:48:57","slug":"pull-cardigan-h25-femme-creamy-yellow","status":"publish","type":"product","link":"https:\/\/streetmarkets.fr\/app\/produit\/pull-cardigan-h25-femme-creamy-yellow\/","title":{"rendered":"Pull Cardigan (H25 \/ FEMME \/ Creamy Yellow)"},"content":{"rendered":"<p>&#8211; Pull cardigan court en cachemire certifi\u00e9 GCS\u00ae Femme <br \/>&#8211; Col en V <br \/>&#8211; Fermeture boutonn\u00e9e <br \/>&#8211; Manches longues <br \/>&#8211; Bords c\u00f4tel\u00e9s <br \/>&#8211; Coupe oversize <br \/>&#8211; Le Good Cashmere Standard\u00ae (GCS) est une norme ind\u00e9pendante pour un cachemire plus durable et plus responsable. Il vise \u00e0 am\u00e9liorer le bien-\u00eatre des ch\u00e8vres cachemire, les conditions de travail des \u00e9leveurs ainsi qu&#8217;\u00e0 prot\u00e9ger l&#8217;environnement. <br \/>&#8211; Cachemire 4 fils<\/p>\n","protected":false},"excerpt":{"rendered":"<p>&#8211; Pull cardigan court en cachemire certifi\u00e9 GCS\u00ae Femme &#8211; Col en V &#8211; Fermeture boutonn\u00e9e &#8211; Manches longues &#8211; Bords c\u00f4tel\u00e9s &#8211; Coupe oversize &#8211; Le Good Cashmere Standard\u00ae (GCS) est une norme ind\u00e9pendante pour un cachemire plus durable et plus responsable. Il vise \u00e0 am\u00e9liorer le bien-\u00eatre des ch\u00e8vres cachemire, les conditions de [&hellip;]<\/p>\n","protected":false},"featured_media":2183180,"comment_status":"open","ping_status":"closed","template":"","meta":[],"product_brand":[6868],"product_cat":[1756,1762],"product_tag":[2244],"acf":[],"_links":{"self":[{"href":"https:\/\/streetmarkets.fr\/app\/wp-json\/wp\/v2\/product\/2183179"}],"collection":[{"href":"https:\/\/streetmarkets.fr\/app\/wp-json\/wp\/v2\/product"}],"about":[{"href":"https:\/\/streetmarkets.fr\/app\/wp-json\/wp\/v2\/types\/product"}],"replies":[{"embeddable":true,"href":"https:\/\/streetmarkets.fr\/app\/wp-json\/wp\/v2\/comments?post=2183179"}],"wp:featuredmedia":[{"embeddable":true,"href":"https:\/\/streetmarkets.fr\/app\/wp-json\/wp\/v2\/media\/2183180"}],"wp:attachment":[{"href":"https:\/\/streetmarkets.fr\/app\/wp-json\/wp\/v2\/media?parent=2183179"}],"wp:term":[{"taxonomy":"product_brand","embeddable":true,"href":"https:\/\/streetmarkets.fr\/app\/wp-json\/wp\/v2\/product_brand?post=2183179"},{"taxonomy":"product_cat","embeddable":true,"href":"https:\/\/streetmarkets.fr\/app\/wp-json\/wp\/v2\/product_cat?post=2183179"},{"taxonomy":"product_tag","embeddable":true,"href":"https:\/\/streetmarkets.fr\/app\/wp-json\/wp\/v2\/product_tag?post=2183179"}],"curies":[{"name":"wp","href":"https:\/\/api.w.org\/{rel}","templated":true}]}}