{"id":2176498,"date":"2025-07-05T00:43:36","date_gmt":"2025-07-04T22:43:36","guid":{"rendered":"https:\/\/streetmarkets.fr\/app\/produit\/veston-workwear-en-croise-en-coton-bio-1g-24\/"},"modified":"2026-04-30T00:42:37","modified_gmt":"2026-04-29T22:42:37","slug":"veston-workwear-en-croise-en-coton-bio-1g-24","status":"publish","type":"product","link":"https:\/\/streetmarkets.fr\/app\/produit\/veston-workwear-en-croise-en-coton-bio-1g-24\/","title":{"rendered":"Veston workwear en crois\u00e9 en coton bio 1G\/24"},"content":{"rendered":"<p>Le veston de travail en coton biologique et made in France par V\u00e9tra, l&#8217;Habilleur du professionnel.<\/p>\n<p>Veston authentique et iconique en tissu crois\u00e9 100% coton bio<\/p>\n<p>3\u00a0boutons, 3 poches + 1 poche int\u00e9rieure.<\/p>\n<p><span style=\"font-family:Verdana, sans-serif\"><span style=\"font-size:11.3333px\">V\u00e9tra : La r\u00e9f\u00e9rence des v\u00eatements de travail fran\u00e7ais, depuis 1927.<\/span><\/span><\/p>\n<p><span style=\"font-family:Verdana, sans-serif\"><span style=\"font-size:11.3333px\">\u00a0<\/span><\/span><\/p>\n<p><span style=\"font-family:Verdana, sans-serif\"><span style=\"font-size:11.3333px\">Depuis 1927, V\u00e9tra fabrique dans son atelier tous ses v\u00eatements iconiques, mettant en valeur son propre savoir-faire.<\/span><\/span><\/p>\n<p><span style=\"font-family:Verdana, sans-serif\"><span style=\"font-size:11.3333px\">\u00a0<\/span><\/span><\/p>\n<p><span style=\"font-family:Verdana, sans-serif\"><span style=\"font-size:11.3333px\">Le veston en crois\u00e9 coton, d\u00e9sormais disponible en version biologique, \u00e9tait initialement port\u00e9 par le personnel administratif et les cols blancs.<\/span><\/span><\/p>\n<p><span style=\"font-family:Verdana, sans-serif\"><span style=\"font-size:11.3333px\">\u00a0<\/span><\/span><\/p>\n<p><span style=\"font-family:Verdana, sans-serif\"><span style=\"font-size:11.3333px\">Ce v\u00eatement polyvalent permet de superposer une chemise ou un gilet en-dessous, offrant ainsi la possibilit\u00e9 d&#8217;une tenue plus habill\u00e9e.<\/span><\/span><\/p>\n<p><span style=\"font-family:Verdana, sans-serif\"><span style=\"font-size:11.3333px\">\u00a0<\/span><\/span><\/p>\n<p><span style=\"font-family:Verdana, sans-serif\"><span style=\"font-size:11.3333px\">Optez pour V\u00e9tra et d\u00e9couvrez la qualit\u00e9 in\u00e9gal\u00e9e des v\u00eatements de travail fran\u00e7ais. Nos vestons en crois\u00e9 coton, confectionn\u00e9s avec passion, vous assurent un look professionnel et \u00e9l\u00e9gant pour toutes vos activit\u00e9s.<\/span><\/span><\/p>\n","protected":false},"excerpt":{"rendered":"<p>Le veston de travail en coton biologique et made in France par V\u00e9tra, l&#8217;Habilleur du professionnel. Veston authentique et iconique en tissu crois\u00e9 100% coton bio 3\u00a0boutons, 3 poches + 1 poche int\u00e9rieure. V\u00e9tra : La r\u00e9f\u00e9rence des v\u00eatements de travail fran\u00e7ais, depuis 1927. \u00a0 Depuis 1927, V\u00e9tra fabrique dans son atelier tous ses v\u00eatements [&hellip;]<\/p>\n","protected":false},"featured_media":2176499,"comment_status":"open","ping_status":"closed","template":"","meta":[],"product_brand":[],"product_cat":[1756,1758],"product_tag":[1810],"acf":[],"_links":{"self":[{"href":"https:\/\/streetmarkets.fr\/app\/wp-json\/wp\/v2\/product\/2176498"}],"collection":[{"href":"https:\/\/streetmarkets.fr\/app\/wp-json\/wp\/v2\/product"}],"about":[{"href":"https:\/\/streetmarkets.fr\/app\/wp-json\/wp\/v2\/types\/product"}],"replies":[{"embeddable":true,"href":"https:\/\/streetmarkets.fr\/app\/wp-json\/wp\/v2\/comments?post=2176498"}],"wp:featuredmedia":[{"embeddable":true,"href":"https:\/\/streetmarkets.fr\/app\/wp-json\/wp\/v2\/media\/2176499"}],"wp:attachment":[{"href":"https:\/\/streetmarkets.fr\/app\/wp-json\/wp\/v2\/media?parent=2176498"}],"wp:term":[{"taxonomy":"product_brand","embeddable":true,"href":"https:\/\/streetmarkets.fr\/app\/wp-json\/wp\/v2\/product_brand?post=2176498"},{"taxonomy":"product_cat","embeddable":true,"href":"https:\/\/streetmarkets.fr\/app\/wp-json\/wp\/v2\/product_cat?post=2176498"},{"taxonomy":"product_tag","embeddable":true,"href":"https:\/\/streetmarkets.fr\/app\/wp-json\/wp\/v2\/product_tag?post=2176498"}],"curies":[{"name":"wp","href":"https:\/\/api.w.org\/{rel}","templated":true}]}}