{"id":2176494,"date":"2025-07-04T08:42:06","date_gmt":"2025-07-04T06:42:06","guid":{"rendered":"https:\/\/streetmarkets.fr\/app\/produit\/triple-jump-small-bordeau-dragon-diffusion\/"},"modified":"2026-04-21T08:38:35","modified_gmt":"2026-04-21T06:38:35","slug":"triple-jump-small-bordeau-dragon-diffusion","status":"publish","type":"product","link":"https:\/\/streetmarkets.fr\/app\/produit\/triple-jump-small-bordeau-dragon-diffusion\/","title":{"rendered":"Triple Jump small bordeau &#8211; Dragon Diffusion"},"content":{"rendered":"<p>Le Bamboo triple jump small en coloris bordeau est le cabas iconique de la marque Dragon Diffusion.<\/p>\n<p>Tress\u00e9 \u00e0 la main, ce panier en cuir est une pi\u00e8ce intemporelle de votre garde robe de printemps. Il se porte \u00e0 la main.<\/p>\n<p>Respectant les techniques traditionnelles de tressage, le sac n&#8217;est pas doubl\u00e9.\u00a0<\/p>\n<p>\u00c0 l&#8217;int\u00e9rieur de chaque sac Dragon Diffusion se trouve une m\u00e9daille de Saint-Christophe, en hommage au saint patron des voyageurs, minutieusement cousue \u00e0 la main, incarnant le sceau d&#8217;authenticit\u00e9 de la marque Dragon Diffusion.<\/p>\n","protected":false},"excerpt":{"rendered":"<p>Le Bamboo triple jump small en coloris bordeau est le cabas iconique de la marque Dragon Diffusion. Tress\u00e9 \u00e0 la main, ce panier en cuir est une pi\u00e8ce intemporelle de votre garde robe de printemps. Il se porte \u00e0 la main. Respectant les techniques traditionnelles de tressage, le sac n&#8217;est pas doubl\u00e9.\u00a0 \u00c0 l&#8217;int\u00e9rieur de [&hellip;]<\/p>\n","protected":false},"featured_media":2176495,"comment_status":"open","ping_status":"closed","template":"","meta":[],"product_brand":[],"product_cat":[1756,1764],"product_tag":[2244],"acf":[],"_links":{"self":[{"href":"https:\/\/streetmarkets.fr\/app\/wp-json\/wp\/v2\/product\/2176494"}],"collection":[{"href":"https:\/\/streetmarkets.fr\/app\/wp-json\/wp\/v2\/product"}],"about":[{"href":"https:\/\/streetmarkets.fr\/app\/wp-json\/wp\/v2\/types\/product"}],"replies":[{"embeddable":true,"href":"https:\/\/streetmarkets.fr\/app\/wp-json\/wp\/v2\/comments?post=2176494"}],"wp:featuredmedia":[{"embeddable":true,"href":"https:\/\/streetmarkets.fr\/app\/wp-json\/wp\/v2\/media\/2176495"}],"wp:attachment":[{"href":"https:\/\/streetmarkets.fr\/app\/wp-json\/wp\/v2\/media?parent=2176494"}],"wp:term":[{"taxonomy":"product_brand","embeddable":true,"href":"https:\/\/streetmarkets.fr\/app\/wp-json\/wp\/v2\/product_brand?post=2176494"},{"taxonomy":"product_cat","embeddable":true,"href":"https:\/\/streetmarkets.fr\/app\/wp-json\/wp\/v2\/product_cat?post=2176494"},{"taxonomy":"product_tag","embeddable":true,"href":"https:\/\/streetmarkets.fr\/app\/wp-json\/wp\/v2\/product_tag?post=2176494"}],"curies":[{"name":"wp","href":"https:\/\/api.w.org\/{rel}","templated":true}]}}