{"id":2153249,"date":"2025-07-01T01:40:06","date_gmt":"2025-06-30T23:40:06","guid":{"rendered":"https:\/\/streetmarkets.fr\/app\/produit\/porte-carte-beige-a-clous\/"},"modified":"2026-05-08T01:39:30","modified_gmt":"2026-05-07T23:39:30","slug":"porte-carte-beige-a-clous","status":"publish","type":"product","link":"https:\/\/streetmarkets.fr\/app\/produit\/porte-carte-beige-a-clous\/","title":{"rendered":"PORTE CARTE BEIGE \u00c0 CLOUS"},"content":{"rendered":"<p>PORTEFEUILLE EN CUIR \u00a0BEIGE AVEC CLOUS FABRIQU\u00c9 EN ITALIE.\u00a0<\/p>\n<p>COMPOSITION<strong> :\u00a0 <\/strong>CUIR\u00a0<\/p>\n<p>DIMENSIONS : LARGEUR 18 CM HAUTEUR 11 CM\u00a0<\/p>\n<p>VOUS POUVEZ VENIR ESSAYER CETTE PI\u00c8CE DANS NOTRE BOUTIQUE SITU\u00c9E \u00c0 PARIS.\u00a0<\/p>\n<p>CONDITIONS : TR\u00c8S BON \u00c9TAT<\/p>\n<p>N&#8217;OUBLIEZ PAS QU&#8217;IL S&#8217;AGIT D&#8217;UNE PI\u00c8CE VINTAGE RARE QUI A SOIGNEUSEMENT \u00c9T\u00c9 S\u00c9LECTIONN\u00c9E. LE TEMPS PEUT PARFOIS LAISSER DES PETITS D\u00c9FAUTS, CE QUI REND LA PI\u00c8CE ENCORE PLUS UNIQUE. MERCI DE L&#8217;AIMER TEL QU&#8217;ELLE EST &lt;3<\/p>\n","protected":false},"excerpt":{"rendered":"<p>PORTEFEUILLE EN CUIR \u00a0BEIGE AVEC CLOUS FABRIQU\u00c9 EN ITALIE.\u00a0 COMPOSITION :\u00a0 CUIR\u00a0 DIMENSIONS : LARGEUR 18 CM HAUTEUR 11 CM\u00a0 VOUS POUVEZ VENIR ESSAYER CETTE PI\u00c8CE DANS NOTRE BOUTIQUE SITU\u00c9E \u00c0 PARIS.\u00a0 CONDITIONS : TR\u00c8S BON \u00c9TAT N&#8217;OUBLIEZ PAS QU&#8217;IL S&#8217;AGIT D&#8217;UNE PI\u00c8CE VINTAGE RARE QUI A SOIGNEUSEMENT \u00c9T\u00c9 S\u00c9LECTIONN\u00c9E. LE TEMPS PEUT PARFOIS LAISSER [&hellip;]<\/p>\n","protected":false},"featured_media":2153250,"comment_status":"open","ping_status":"closed","template":"","meta":[],"product_brand":[],"product_cat":[1756,1760],"product_tag":[2122],"acf":[],"_links":{"self":[{"href":"https:\/\/streetmarkets.fr\/app\/wp-json\/wp\/v2\/product\/2153249"}],"collection":[{"href":"https:\/\/streetmarkets.fr\/app\/wp-json\/wp\/v2\/product"}],"about":[{"href":"https:\/\/streetmarkets.fr\/app\/wp-json\/wp\/v2\/types\/product"}],"replies":[{"embeddable":true,"href":"https:\/\/streetmarkets.fr\/app\/wp-json\/wp\/v2\/comments?post=2153249"}],"wp:featuredmedia":[{"embeddable":true,"href":"https:\/\/streetmarkets.fr\/app\/wp-json\/wp\/v2\/media\/2153250"}],"wp:attachment":[{"href":"https:\/\/streetmarkets.fr\/app\/wp-json\/wp\/v2\/media?parent=2153249"}],"wp:term":[{"taxonomy":"product_brand","embeddable":true,"href":"https:\/\/streetmarkets.fr\/app\/wp-json\/wp\/v2\/product_brand?post=2153249"},{"taxonomy":"product_cat","embeddable":true,"href":"https:\/\/streetmarkets.fr\/app\/wp-json\/wp\/v2\/product_cat?post=2153249"},{"taxonomy":"product_tag","embeddable":true,"href":"https:\/\/streetmarkets.fr\/app\/wp-json\/wp\/v2\/product_tag?post=2153249"}],"curies":[{"name":"wp","href":"https:\/\/api.w.org\/{rel}","templated":true}]}}