{"id":2145782,"date":"2025-06-29T08:41:47","date_gmt":"2025-06-29T06:41:47","guid":{"rendered":"https:\/\/streetmarkets.fr\/app\/produit\/petit-sac-rose-fushia-en-shalla\/"},"modified":"2026-05-08T08:38:29","modified_gmt":"2026-05-08T06:38:29","slug":"petit-sac-rose-fushia-en-shalla","status":"publish","type":"product","link":"https:\/\/streetmarkets.fr\/app\/produit\/petit-sac-rose-fushia-en-shalla\/","title":{"rendered":"Petit sac rose \/fushia &#8211; En Shalla"},"content":{"rendered":"<p>Petit sac r\u00e9alis\u00e9 \u00e0 partir d&#8217;un sac alimentaire plastique recycl\u00e9.<\/p>\n<p>Il est fait \u00e0 la main avec ses pompons roses et fushia qui ajouteront de la couleur et de et de l&#8217;originalit\u00e9 \u00e0 vos looks.<\/p>\n<p>Double anses en cuir pour le porter \u00e0 la main, une grande anse pour le porter en bandouli\u00e8re.\u00a0<\/p>\n","protected":false},"excerpt":{"rendered":"<p>Petit sac r\u00e9alis\u00e9 \u00e0 partir d&#8217;un sac alimentaire plastique recycl\u00e9. Il est fait \u00e0 la main avec ses pompons roses et fushia qui ajouteront de la couleur et de et de l&#8217;originalit\u00e9 \u00e0 vos looks. Double anses en cuir pour le porter \u00e0 la main, une grande anse pour le porter en bandouli\u00e8re.\u00a0<\/p>\n","protected":false},"featured_media":2145783,"comment_status":"open","ping_status":"closed","template":"","meta":[],"product_brand":[],"product_cat":[1756,1764],"product_tag":[2244],"acf":[],"_links":{"self":[{"href":"https:\/\/streetmarkets.fr\/app\/wp-json\/wp\/v2\/product\/2145782"}],"collection":[{"href":"https:\/\/streetmarkets.fr\/app\/wp-json\/wp\/v2\/product"}],"about":[{"href":"https:\/\/streetmarkets.fr\/app\/wp-json\/wp\/v2\/types\/product"}],"replies":[{"embeddable":true,"href":"https:\/\/streetmarkets.fr\/app\/wp-json\/wp\/v2\/comments?post=2145782"}],"wp:featuredmedia":[{"embeddable":true,"href":"https:\/\/streetmarkets.fr\/app\/wp-json\/wp\/v2\/media\/2145783"}],"wp:attachment":[{"href":"https:\/\/streetmarkets.fr\/app\/wp-json\/wp\/v2\/media?parent=2145782"}],"wp:term":[{"taxonomy":"product_brand","embeddable":true,"href":"https:\/\/streetmarkets.fr\/app\/wp-json\/wp\/v2\/product_brand?post=2145782"},{"taxonomy":"product_cat","embeddable":true,"href":"https:\/\/streetmarkets.fr\/app\/wp-json\/wp\/v2\/product_cat?post=2145782"},{"taxonomy":"product_tag","embeddable":true,"href":"https:\/\/streetmarkets.fr\/app\/wp-json\/wp\/v2\/product_tag?post=2145782"}],"curies":[{"name":"wp","href":"https:\/\/api.w.org\/{rel}","templated":true}]}}