{"id":2135097,"date":"2025-06-28T02:06:37","date_gmt":"2025-06-28T00:06:37","guid":{"rendered":"https:\/\/streetmarkets.fr\/app\/produit\/nouveau-re-done-t-shirt-60s-slim-ringer-tee-swim-club-navy-and-white-precommande\/"},"modified":"2025-12-03T01:05:19","modified_gmt":"2025-12-03T00:05:19","slug":"nouveau-re-done-t-shirt-60s-slim-ringer-tee-swim-club-navy-and-white-precommande","status":"publish","type":"product","link":"https:\/\/streetmarkets.fr\/app\/produit\/nouveau-re-done-t-shirt-60s-slim-ringer-tee-swim-club-navy-and-white-precommande\/","title":{"rendered":"Nouveau ! RE\/DONE T-shirt 60s Slim Ringer Tee Swim Club Navy and White PR\u00c9COMMANDE !"},"content":{"rendered":"<p data-rte-preserve-empty=\"true\">PR\u00c9COMMANDE ! Livraison septembre. <\/p>\n<p data-rte-preserve-empty=\"true\">T-shirt en coton tout doux, manches courtes, encolure arrondie, coupe ajust\u00e9e. <\/p>\n<p data-rte-preserve-empty=\"true\">D\u00e9tail : 65% coton, 15% viscose<\/p>\n","protected":false},"excerpt":{"rendered":"<p>PR\u00c9COMMANDE ! Livraison septembre. T-shirt en coton tout doux, manches courtes, encolure arrondie, coupe ajust\u00e9e. D\u00e9tail : 65% coton, 15% viscose<\/p>\n","protected":false},"featured_media":2135098,"comment_status":"open","ping_status":"closed","template":"","meta":[],"product_brand":[],"product_cat":[1756,1762],"product_tag":[2244],"acf":[],"_links":{"self":[{"href":"https:\/\/streetmarkets.fr\/app\/wp-json\/wp\/v2\/product\/2135097"}],"collection":[{"href":"https:\/\/streetmarkets.fr\/app\/wp-json\/wp\/v2\/product"}],"about":[{"href":"https:\/\/streetmarkets.fr\/app\/wp-json\/wp\/v2\/types\/product"}],"replies":[{"embeddable":true,"href":"https:\/\/streetmarkets.fr\/app\/wp-json\/wp\/v2\/comments?post=2135097"}],"wp:featuredmedia":[{"embeddable":true,"href":"https:\/\/streetmarkets.fr\/app\/wp-json\/wp\/v2\/media\/2135098"}],"wp:attachment":[{"href":"https:\/\/streetmarkets.fr\/app\/wp-json\/wp\/v2\/media?parent=2135097"}],"wp:term":[{"taxonomy":"product_brand","embeddable":true,"href":"https:\/\/streetmarkets.fr\/app\/wp-json\/wp\/v2\/product_brand?post=2135097"},{"taxonomy":"product_cat","embeddable":true,"href":"https:\/\/streetmarkets.fr\/app\/wp-json\/wp\/v2\/product_cat?post=2135097"},{"taxonomy":"product_tag","embeddable":true,"href":"https:\/\/streetmarkets.fr\/app\/wp-json\/wp\/v2\/product_tag?post=2135097"}],"curies":[{"name":"wp","href":"https:\/\/api.w.org\/{rel}","templated":true}]}}