{"id":2135091,"date":"2025-06-28T02:06:36","date_gmt":"2025-06-28T00:06:36","guid":{"rendered":"https:\/\/streetmarkets.fr\/app\/produit\/nouveau-re-done-t-shirt-classic-tee-my-space-hazy-tie-dye-precommande\/"},"modified":"2025-09-17T02:08:11","modified_gmt":"2025-09-17T00:08:11","slug":"nouveau-re-done-t-shirt-classic-tee-my-space-hazy-tie-dye-precommande","status":"publish","type":"product","link":"https:\/\/streetmarkets.fr\/app\/produit\/nouveau-re-done-t-shirt-classic-tee-my-space-hazy-tie-dye-precommande\/","title":{"rendered":"Nouveau ! RE\/DONE T-shirt Classic Tee My Space Hazy Tie Dye PR\u00c9COMMANDE !"},"content":{"rendered":"<p data-rte-preserve-empty=\"true\">PR\u00c9COMMANDE ! Livraison septembre. <\/p>\n<p data-rte-preserve-empty=\"true\">T-shirt \u00e0 motif en coton souple et tout doux, encolure arrondie, manches courtes, coupe ajust\u00e9e.<\/p>\n<p data-rte-preserve-empty=\"true\">D\u00e9tail : 100% coton <\/p>\n","protected":false},"excerpt":{"rendered":"<p>PR\u00c9COMMANDE ! Livraison septembre. T-shirt \u00e0 motif en coton souple et tout doux, encolure arrondie, manches courtes, coupe ajust\u00e9e. D\u00e9tail : 100% coton<\/p>\n","protected":false},"featured_media":2135092,"comment_status":"open","ping_status":"closed","template":"","meta":[],"product_brand":[],"product_cat":[1756,1762],"product_tag":[2244],"acf":[],"_links":{"self":[{"href":"https:\/\/streetmarkets.fr\/app\/wp-json\/wp\/v2\/product\/2135091"}],"collection":[{"href":"https:\/\/streetmarkets.fr\/app\/wp-json\/wp\/v2\/product"}],"about":[{"href":"https:\/\/streetmarkets.fr\/app\/wp-json\/wp\/v2\/types\/product"}],"replies":[{"embeddable":true,"href":"https:\/\/streetmarkets.fr\/app\/wp-json\/wp\/v2\/comments?post=2135091"}],"wp:featuredmedia":[{"embeddable":true,"href":"https:\/\/streetmarkets.fr\/app\/wp-json\/wp\/v2\/media\/2135092"}],"wp:attachment":[{"href":"https:\/\/streetmarkets.fr\/app\/wp-json\/wp\/v2\/media?parent=2135091"}],"wp:term":[{"taxonomy":"product_brand","embeddable":true,"href":"https:\/\/streetmarkets.fr\/app\/wp-json\/wp\/v2\/product_brand?post=2135091"},{"taxonomy":"product_cat","embeddable":true,"href":"https:\/\/streetmarkets.fr\/app\/wp-json\/wp\/v2\/product_cat?post=2135091"},{"taxonomy":"product_tag","embeddable":true,"href":"https:\/\/streetmarkets.fr\/app\/wp-json\/wp\/v2\/product_tag?post=2135091"}],"curies":[{"name":"wp","href":"https:\/\/api.w.org\/{rel}","templated":true}]}}