{"id":2121467,"date":"2025-06-26T01:25:52","date_gmt":"2025-06-25T23:25:52","guid":{"rendered":"https:\/\/streetmarkets.fr\/app\/produit\/caprice-paris-createur-boucle-doreilles-cassia\/"},"modified":"2025-12-14T00:28:15","modified_gmt":"2025-12-13T23:28:15","slug":"caprice-paris-createur-boucle-doreilles-cassia","status":"publish","type":"product","link":"https:\/\/streetmarkets.fr\/app\/produit\/caprice-paris-createur-boucle-doreilles-cassia\/","title":{"rendered":"Caprice Paris &#8211; Cr\u00e9ateur Boucle d&#8217;oreilles Cassia"},"content":{"rendered":"<p>Des boucles d\u2019oreilles l\u00e9g\u00e8res et d\u00e9licates \u00e0 pendants ovales. Fines et \u00e9l\u00e9gantes, elles se marieront \u00e0 tous vos styles.<\/p>\n<p>\u2022 Acier inoxydable dor\u00e9 \u00e0 l\u2019or fin<br \/>\n\u2022 R\u00e9sistent \u00e0 l\u2019eau<br \/>\n\u2022 Ne changent pas de couleur, ne d\u00e9teignent pas sur la peau<br \/>\n\u2022 Hypoallerg\u00e9niques<br \/>\n\u2022 Longueur: 40mm, largeur: 13mm<br \/>\n\u2022 Finition: or brillant<\/p>\n","protected":false},"excerpt":{"rendered":"<p>Des boucles d\u2019oreilles l\u00e9g\u00e8res et d\u00e9licates \u00e0 pendants ovales. Fines et \u00e9l\u00e9gantes, elles se marieront \u00e0 tous vos styles. \u2022 Acier inoxydable dor\u00e9 \u00e0 l\u2019or fin \u2022 R\u00e9sistent \u00e0 l\u2019eau \u2022 Ne changent pas de couleur, ne d\u00e9teignent pas sur la peau \u2022 Hypoallerg\u00e9niques \u2022 Longueur: 40mm, largeur: 13mm \u2022 Finition: or brillant<\/p>\n","protected":false},"featured_media":2121468,"comment_status":"open","ping_status":"closed","template":"","meta":[],"product_brand":[],"product_cat":[1807,1756],"product_tag":[1810],"acf":[],"_links":{"self":[{"href":"https:\/\/streetmarkets.fr\/app\/wp-json\/wp\/v2\/product\/2121467"}],"collection":[{"href":"https:\/\/streetmarkets.fr\/app\/wp-json\/wp\/v2\/product"}],"about":[{"href":"https:\/\/streetmarkets.fr\/app\/wp-json\/wp\/v2\/types\/product"}],"replies":[{"embeddable":true,"href":"https:\/\/streetmarkets.fr\/app\/wp-json\/wp\/v2\/comments?post=2121467"}],"wp:featuredmedia":[{"embeddable":true,"href":"https:\/\/streetmarkets.fr\/app\/wp-json\/wp\/v2\/media\/2121468"}],"wp:attachment":[{"href":"https:\/\/streetmarkets.fr\/app\/wp-json\/wp\/v2\/media?parent=2121467"}],"wp:term":[{"taxonomy":"product_brand","embeddable":true,"href":"https:\/\/streetmarkets.fr\/app\/wp-json\/wp\/v2\/product_brand?post=2121467"},{"taxonomy":"product_cat","embeddable":true,"href":"https:\/\/streetmarkets.fr\/app\/wp-json\/wp\/v2\/product_cat?post=2121467"},{"taxonomy":"product_tag","embeddable":true,"href":"https:\/\/streetmarkets.fr\/app\/wp-json\/wp\/v2\/product_tag?post=2121467"}],"curies":[{"name":"wp","href":"https:\/\/api.w.org\/{rel}","templated":true}]}}