{"id":2121464,"date":"2025-06-26T01:25:52","date_gmt":"2025-06-25T23:25:52","guid":{"rendered":"https:\/\/streetmarkets.fr\/app\/produit\/caprice-paris-createur-creoles-junon-argent\/"},"modified":"2025-12-14T00:28:15","modified_gmt":"2025-12-13T23:28:15","slug":"caprice-paris-createur-creoles-junon-argent","status":"publish","type":"product","link":"https:\/\/streetmarkets.fr\/app\/produit\/caprice-paris-createur-creoles-junon-argent\/","title":{"rendered":"Caprice Paris &#8211; Cr\u00e9ateur Cr\u00e9oles Junon Argent"},"content":{"rendered":"<p>Des petites pleines cr\u00e9oles arrondies intemporelles, un basique chic dont vous ne pourrez plus vous passer.<\/p>\n<p>\u2022 Acier inoxydable argent\u00e9<br \/>\n\u2022 R\u00e9sistent \u00e0 l\u2019eau<br \/>\n\u2022 Ne changent pas de couleur, ne d\u00e9teignent pas sur la peau<br \/>\n\u2022 Hypoallerg\u00e9niques<br \/>\n\u2022 Diam\u00e8tre: 25mm, largeur: 7mm<br \/>\n\u2022 Finition: argent brillant (existent aussi en or)<\/p>\n","protected":false},"excerpt":{"rendered":"<p>Des petites pleines cr\u00e9oles arrondies intemporelles, un basique chic dont vous ne pourrez plus vous passer. \u2022 Acier inoxydable argent\u00e9 \u2022 R\u00e9sistent \u00e0 l\u2019eau \u2022 Ne changent pas de couleur, ne d\u00e9teignent pas sur la peau \u2022 Hypoallerg\u00e9niques \u2022 Diam\u00e8tre: 25mm, largeur: 7mm \u2022 Finition: argent brillant (existent aussi en or)<\/p>\n","protected":false},"featured_media":2121465,"comment_status":"open","ping_status":"closed","template":"","meta":[],"product_brand":[],"product_cat":[1807,1756],"product_tag":[1810],"acf":[],"_links":{"self":[{"href":"https:\/\/streetmarkets.fr\/app\/wp-json\/wp\/v2\/product\/2121464"}],"collection":[{"href":"https:\/\/streetmarkets.fr\/app\/wp-json\/wp\/v2\/product"}],"about":[{"href":"https:\/\/streetmarkets.fr\/app\/wp-json\/wp\/v2\/types\/product"}],"replies":[{"embeddable":true,"href":"https:\/\/streetmarkets.fr\/app\/wp-json\/wp\/v2\/comments?post=2121464"}],"wp:featuredmedia":[{"embeddable":true,"href":"https:\/\/streetmarkets.fr\/app\/wp-json\/wp\/v2\/media\/2121465"}],"wp:attachment":[{"href":"https:\/\/streetmarkets.fr\/app\/wp-json\/wp\/v2\/media?parent=2121464"}],"wp:term":[{"taxonomy":"product_brand","embeddable":true,"href":"https:\/\/streetmarkets.fr\/app\/wp-json\/wp\/v2\/product_brand?post=2121464"},{"taxonomy":"product_cat","embeddable":true,"href":"https:\/\/streetmarkets.fr\/app\/wp-json\/wp\/v2\/product_cat?post=2121464"},{"taxonomy":"product_tag","embeddable":true,"href":"https:\/\/streetmarkets.fr\/app\/wp-json\/wp\/v2\/product_tag?post=2121464"}],"curies":[{"name":"wp","href":"https:\/\/api.w.org\/{rel}","templated":true}]}}