{"id":2121440,"date":"2025-06-26T01:25:29","date_gmt":"2025-06-25T23:25:29","guid":{"rendered":"https:\/\/streetmarkets.fr\/app\/produit\/caprice-paris-createur-bague-sabrina-argent\/"},"modified":"2025-12-14T00:28:13","modified_gmt":"2025-12-13T23:28:13","slug":"caprice-paris-createur-bague-sabrina-argent","status":"publish","type":"product","link":"https:\/\/streetmarkets.fr\/app\/produit\/caprice-paris-createur-bague-sabrina-argent\/","title":{"rendered":"Caprice Paris &#8211; Cr\u00e9ateur Bague Sabrina Argent"},"content":{"rendered":"<p>Une bague cr\u00e9ateur au design \u00e9pur\u00e9, simple et \u00e9l\u00e9gante, \u00e0 l\u2019anneau large d\u00e9licatement grav\u00e9.<\/p>\n<p>\u2022 Acier inoxydable argent\u00e9<br \/>\n\u2022 R\u00e9siste \u00e0 l\u2019eau<br \/>\n\u2022 Ne change pas de couleur, ne d\u00e9teint pas sur la peau<br \/>\n\u2022 Hypoallerg\u00e9nique<br \/>\n\u2022 Diam\u00e8tre : 17mm<br \/>\n\u2022 Largeur : 9mm<br \/>\n\u2022 Finition : argent\u00e9 brillant (existe aussi en dor\u00e9)<\/p>\n","protected":false},"excerpt":{"rendered":"<p>Une bague cr\u00e9ateur au design \u00e9pur\u00e9, simple et \u00e9l\u00e9gante, \u00e0 l\u2019anneau large d\u00e9licatement grav\u00e9. \u2022 Acier inoxydable argent\u00e9 \u2022 R\u00e9siste \u00e0 l\u2019eau \u2022 Ne change pas de couleur, ne d\u00e9teint pas sur la peau \u2022 Hypoallerg\u00e9nique \u2022 Diam\u00e8tre : 17mm \u2022 Largeur : 9mm \u2022 Finition : argent\u00e9 brillant (existe aussi en dor\u00e9)<\/p>\n","protected":false},"featured_media":2121441,"comment_status":"open","ping_status":"closed","template":"","meta":[],"product_brand":[],"product_cat":[1807,1756],"product_tag":[1810],"acf":[],"_links":{"self":[{"href":"https:\/\/streetmarkets.fr\/app\/wp-json\/wp\/v2\/product\/2121440"}],"collection":[{"href":"https:\/\/streetmarkets.fr\/app\/wp-json\/wp\/v2\/product"}],"about":[{"href":"https:\/\/streetmarkets.fr\/app\/wp-json\/wp\/v2\/types\/product"}],"replies":[{"embeddable":true,"href":"https:\/\/streetmarkets.fr\/app\/wp-json\/wp\/v2\/comments?post=2121440"}],"wp:featuredmedia":[{"embeddable":true,"href":"https:\/\/streetmarkets.fr\/app\/wp-json\/wp\/v2\/media\/2121441"}],"wp:attachment":[{"href":"https:\/\/streetmarkets.fr\/app\/wp-json\/wp\/v2\/media?parent=2121440"}],"wp:term":[{"taxonomy":"product_brand","embeddable":true,"href":"https:\/\/streetmarkets.fr\/app\/wp-json\/wp\/v2\/product_brand?post=2121440"},{"taxonomy":"product_cat","embeddable":true,"href":"https:\/\/streetmarkets.fr\/app\/wp-json\/wp\/v2\/product_cat?post=2121440"},{"taxonomy":"product_tag","embeddable":true,"href":"https:\/\/streetmarkets.fr\/app\/wp-json\/wp\/v2\/product_tag?post=2121440"}],"curies":[{"name":"wp","href":"https:\/\/api.w.org\/{rel}","templated":true}]}}