{"id":2121405,"date":"2025-06-26T01:25:25","date_gmt":"2025-06-25T23:25:25","guid":{"rendered":"https:\/\/streetmarkets.fr\/app\/produit\/caprice-paris-collier-judith-or\/"},"modified":"2025-12-14T00:28:12","modified_gmt":"2025-12-13T23:28:12","slug":"caprice-paris-collier-judith-or","status":"publish","type":"product","link":"https:\/\/streetmarkets.fr\/app\/produit\/caprice-paris-collier-judith-or\/","title":{"rendered":"Caprice Paris &#8211; Collier Judith Or"},"content":{"rendered":"<p>Un collier cr\u00e9ateur dor\u00e9 \u00e0 cha\u00eene large et jeu de maillons au pendentif c\u0153ur orn\u00e9 d\u2019un \u0153il. Un bijou tendance \u00e0 porter tout l\u2019\u00e9t\u00e9 !<\/p>\n<p>\u2022 Acier inoxydable dor\u00e9 \u00e0 l\u2019or fin<br \/>\n\u2022 R\u00e9siste \u00e0 l\u2019eau<br \/>\n\u2022 Ne change pas de couleur, ne d\u00e9teint pas sur la peau<br \/>\n\u2022 Hypoallerg\u00e9nique<br \/>\n\u2022 Taille r\u00e9glable, longueur mini: 42cm, maxi: 47cm<br \/>\n\u2022 Diam\u00e8tre breloque c\u0153ur: 18mm<br \/>\n\u2022 Finition : or brillant<\/p>\n<p>R\u00e9siste non seulement aux intemp\u00e9ries, mais \u00e9galement \u00e0 l&#8217;eau sal\u00e9e et il ne rouille pas. Peut ce garder lorsque l&#8217;on fait du sport, en vacances \u00e0 la mer ou \u00e0 la piscine, que l&#8217;on transpire ou pour prendre une douche.<\/p>\n","protected":false},"excerpt":{"rendered":"<p>Un collier cr\u00e9ateur dor\u00e9 \u00e0 cha\u00eene large et jeu de maillons au pendentif c\u0153ur orn\u00e9 d\u2019un \u0153il. Un bijou tendance \u00e0 porter tout l\u2019\u00e9t\u00e9 ! \u2022 Acier inoxydable dor\u00e9 \u00e0 l\u2019or fin \u2022 R\u00e9siste \u00e0 l\u2019eau \u2022 Ne change pas de couleur, ne d\u00e9teint pas sur la peau \u2022 Hypoallerg\u00e9nique \u2022 Taille r\u00e9glable, longueur mini: [&hellip;]<\/p>\n","protected":false},"featured_media":2121406,"comment_status":"open","ping_status":"closed","template":"","meta":[],"product_brand":[],"product_cat":[1807,1756],"product_tag":[1810],"acf":[],"_links":{"self":[{"href":"https:\/\/streetmarkets.fr\/app\/wp-json\/wp\/v2\/product\/2121405"}],"collection":[{"href":"https:\/\/streetmarkets.fr\/app\/wp-json\/wp\/v2\/product"}],"about":[{"href":"https:\/\/streetmarkets.fr\/app\/wp-json\/wp\/v2\/types\/product"}],"replies":[{"embeddable":true,"href":"https:\/\/streetmarkets.fr\/app\/wp-json\/wp\/v2\/comments?post=2121405"}],"wp:featuredmedia":[{"embeddable":true,"href":"https:\/\/streetmarkets.fr\/app\/wp-json\/wp\/v2\/media\/2121406"}],"wp:attachment":[{"href":"https:\/\/streetmarkets.fr\/app\/wp-json\/wp\/v2\/media?parent=2121405"}],"wp:term":[{"taxonomy":"product_brand","embeddable":true,"href":"https:\/\/streetmarkets.fr\/app\/wp-json\/wp\/v2\/product_brand?post=2121405"},{"taxonomy":"product_cat","embeddable":true,"href":"https:\/\/streetmarkets.fr\/app\/wp-json\/wp\/v2\/product_cat?post=2121405"},{"taxonomy":"product_tag","embeddable":true,"href":"https:\/\/streetmarkets.fr\/app\/wp-json\/wp\/v2\/product_tag?post=2121405"}],"curies":[{"name":"wp","href":"https:\/\/api.w.org\/{rel}","templated":true}]}}