{"id":2121367,"date":"2025-06-26T01:14:30","date_gmt":"2025-06-25T23:14:30","guid":{"rendered":"https:\/\/streetmarkets.fr\/app\/produit\/veste-marcel\/"},"modified":"2025-11-24T00:15:19","modified_gmt":"2025-11-23T23:15:19","slug":"veste-marcel","status":"publish","type":"product","link":"https:\/\/streetmarkets.fr\/app\/produit\/veste-marcel\/","title":{"rendered":"Veste Marcel"},"content":{"rendered":"<p>Avec son design \u00e9pur\u00e9 et intemporel, la Veste Marcel coche toutes les cases d\u2019une bonne pi\u00e8ce de mi-saison. En coton biologique \u00e9pais certifi\u00e9 GOTS, elle tient bien, respire et accompagne les journ\u00e9es changeantes sans prise de t\u00eate. La mati\u00e8re, hautement r\u00e9sistante aux UV, ajoute une protection l\u00e9g\u00e8re pour les trajets dehors.<br \/>\nC\u00f4t\u00e9 pratique, on adore ses 2 poches ext\u00e9rieures et sa poche int\u00e9rieure pour garder cl\u00e9s, t\u00e9l\u00e9phone et cartes \u00e0 port\u00e9e de main. Les finitions soign\u00e9es \u2013 bandes en blockprint et broderie int\u00e9rieure \u2013 apportent ce petit twist qui fait la diff\u00e9rence. Une veste unisexe facile \u00e0 porter, \u00e0 superposer et \u00e0 garder longtemps.<\/p>\n","protected":false},"excerpt":{"rendered":"<p>Avec son design \u00e9pur\u00e9 et intemporel, la Veste Marcel coche toutes les cases d\u2019une bonne pi\u00e8ce de mi-saison. En coton biologique \u00e9pais certifi\u00e9 GOTS, elle tient bien, respire et accompagne les journ\u00e9es changeantes sans prise de t\u00eate. La mati\u00e8re, hautement r\u00e9sistante aux UV, ajoute une protection l\u00e9g\u00e8re pour les trajets dehors. C\u00f4t\u00e9 pratique, on adore [&hellip;]<\/p>\n","protected":false},"featured_media":2121368,"comment_status":"open","ping_status":"closed","template":"","meta":[],"product_brand":[7126],"product_cat":[1756,1762],"product_tag":[1810],"acf":[],"_links":{"self":[{"href":"https:\/\/streetmarkets.fr\/app\/wp-json\/wp\/v2\/product\/2121367"}],"collection":[{"href":"https:\/\/streetmarkets.fr\/app\/wp-json\/wp\/v2\/product"}],"about":[{"href":"https:\/\/streetmarkets.fr\/app\/wp-json\/wp\/v2\/types\/product"}],"replies":[{"embeddable":true,"href":"https:\/\/streetmarkets.fr\/app\/wp-json\/wp\/v2\/comments?post=2121367"}],"wp:featuredmedia":[{"embeddable":true,"href":"https:\/\/streetmarkets.fr\/app\/wp-json\/wp\/v2\/media\/2121368"}],"wp:attachment":[{"href":"https:\/\/streetmarkets.fr\/app\/wp-json\/wp\/v2\/media?parent=2121367"}],"wp:term":[{"taxonomy":"product_brand","embeddable":true,"href":"https:\/\/streetmarkets.fr\/app\/wp-json\/wp\/v2\/product_brand?post=2121367"},{"taxonomy":"product_cat","embeddable":true,"href":"https:\/\/streetmarkets.fr\/app\/wp-json\/wp\/v2\/product_cat?post=2121367"},{"taxonomy":"product_tag","embeddable":true,"href":"https:\/\/streetmarkets.fr\/app\/wp-json\/wp\/v2\/product_tag?post=2121367"}],"curies":[{"name":"wp","href":"https:\/\/api.w.org\/{rel}","templated":true}]}}