{"id":2121362,"date":"2025-06-26T01:14:29","date_gmt":"2025-06-25T23:14:29","guid":{"rendered":"https:\/\/streetmarkets.fr\/app\/produit\/barrette-giselle-9-losanges-structures-dores\/"},"modified":"2025-11-24T00:15:19","modified_gmt":"2025-11-23T23:15:19","slug":"barrette-giselle-9-losanges-structures-dores","status":"publish","type":"product","link":"https:\/\/streetmarkets.fr\/app\/produit\/barrette-giselle-9-losanges-structures-dores\/","title":{"rendered":"Barrette 9 Giselle Losanges Structur\u00e9s Dor\u00e9s"},"content":{"rendered":"<p>Avec ses losanges d\u00e9licatement structur\u00e9s et sa finition dor\u00e9e, cette barrette apporte instantan\u00e9ment une touche chic \u00e0 la coiffure. Son format de 8,5 x 2,5 cm est id\u00e9al pour maintenir de petites \u00e0 moyennes m\u00e8ches sans alourdir le look. Fabriqu\u00e9e en France en alliage de zinc, elle allie style graphique et solidit\u00e9.<br \/>\nOn l\u2019adopte pour rehausser une m\u00e8che sur le c\u00f4t\u00e9, twister une demi-queue ou apporter un point de lumi\u00e8re \u00e0 un chignon flou. C\u2019est l\u2019accessoire cheveux facile qui change tout, \u00e0 porter au bureau, en soir\u00e9e ou pour une c\u00e9r\u00e9monie.<\/p>\n","protected":false},"excerpt":{"rendered":"<p>Avec ses losanges d\u00e9licatement structur\u00e9s et sa finition dor\u00e9e, cette barrette apporte instantan\u00e9ment une touche chic \u00e0 la coiffure. Son format de 8,5 x 2,5 cm est id\u00e9al pour maintenir de petites \u00e0 moyennes m\u00e8ches sans alourdir le look. Fabriqu\u00e9e en France en alliage de zinc, elle allie style graphique et solidit\u00e9. On l\u2019adopte pour [&hellip;]<\/p>\n","protected":false},"featured_media":2121363,"comment_status":"open","ping_status":"closed","template":"","meta":[],"product_brand":[],"product_cat":[1756,1764],"product_tag":[1810],"acf":[],"_links":{"self":[{"href":"https:\/\/streetmarkets.fr\/app\/wp-json\/wp\/v2\/product\/2121362"}],"collection":[{"href":"https:\/\/streetmarkets.fr\/app\/wp-json\/wp\/v2\/product"}],"about":[{"href":"https:\/\/streetmarkets.fr\/app\/wp-json\/wp\/v2\/types\/product"}],"replies":[{"embeddable":true,"href":"https:\/\/streetmarkets.fr\/app\/wp-json\/wp\/v2\/comments?post=2121362"}],"wp:featuredmedia":[{"embeddable":true,"href":"https:\/\/streetmarkets.fr\/app\/wp-json\/wp\/v2\/media\/2121363"}],"wp:attachment":[{"href":"https:\/\/streetmarkets.fr\/app\/wp-json\/wp\/v2\/media?parent=2121362"}],"wp:term":[{"taxonomy":"product_brand","embeddable":true,"href":"https:\/\/streetmarkets.fr\/app\/wp-json\/wp\/v2\/product_brand?post=2121362"},{"taxonomy":"product_cat","embeddable":true,"href":"https:\/\/streetmarkets.fr\/app\/wp-json\/wp\/v2\/product_cat?post=2121362"},{"taxonomy":"product_tag","embeddable":true,"href":"https:\/\/streetmarkets.fr\/app\/wp-json\/wp\/v2\/product_tag?post=2121362"}],"curies":[{"name":"wp","href":"https:\/\/api.w.org\/{rel}","templated":true}]}}