{"id":2110313,"date":"2025-06-23T06:52:46","date_gmt":"2025-06-23T04:52:46","guid":{"rendered":"https:\/\/streetmarkets.fr\/app\/produit\/t-shirt-hiking-1333\/"},"modified":"2026-03-16T05:48:18","modified_gmt":"2026-03-16T04:48:18","slug":"t-shirt-hiking-1333","status":"publish","type":"product","link":"https:\/\/streetmarkets.fr\/app\/produit\/t-shirt-hiking-1333\/","title":{"rendered":"T-Shirt Hiking 1333"},"content":{"rendered":"<p data-start=\"146\" data-end=\"473\">D\u00e9couvrez le <strong data-start=\"159\" data-end=\"182\">T-shirt Hiking 1333<\/strong> de la marque <strong data-start=\"196\" data-end=\"210\">REVOLUTION<\/strong>, disponible en <strong data-start=\"226\" data-end=\"255\">couleur Navy (bleu fonc\u00e9)<\/strong> chez <strong data-start=\"261\" data-end=\"271\">Harold<\/strong>, votre boutique de pr\u00eat-\u00e0-porter homme \u00e0 <strong data-start=\"313\" data-end=\"322\">Paris<\/strong>. Ce T-shirt \u00e0 <strong data-start=\"337\" data-end=\"349\">col rond<\/strong> et \u00e0 <strong data-start=\"355\" data-end=\"374\">coupe classique<\/strong> est confectionn\u00e9 en <strong data-start=\"395\" data-end=\"409\">100% coton<\/strong>, offrant une <strong data-start=\"423\" data-end=\"447\">sensation de douceur<\/strong> incomparable sur la peau.<\/p>\n<p data-start=\"475\" data-end=\"738\">Au centre du T-shirt, un <strong data-start=\"500\" data-end=\"531\">grand imprim\u00e9 de randonneur<\/strong> apporte une <strong data-start=\"544\" data-end=\"565\">touche d&#8217;aventure<\/strong> et de dynamisme \u00e0 votre tenue. Parfait pour un look <strong data-start=\"618\" data-end=\"633\">d\u00e9contract\u00e9<\/strong>, ce T-shirt est id\u00e9al pour <strong data-start=\"661\" data-end=\"705\">exprimer votre passion pour la randonn\u00e9e<\/strong> tout en restant <strong data-start=\"722\" data-end=\"737\">confortable<\/strong>.<\/p>\n","protected":false},"excerpt":{"rendered":"<p>D\u00e9couvrez le T-shirt Hiking 1333 de la marque REVOLUTION, disponible en couleur Navy (bleu fonc\u00e9) chez Harold, votre boutique de pr\u00eat-\u00e0-porter homme \u00e0 Paris. Ce T-shirt \u00e0 col rond et \u00e0 coupe classique est confectionn\u00e9 en 100% coton, offrant une sensation de douceur incomparable sur la peau. Au centre du T-shirt, un grand imprim\u00e9 de [&hellip;]<\/p>\n","protected":false},"featured_media":2110314,"comment_status":"open","ping_status":"closed","template":"","meta":[],"product_brand":[],"product_cat":[1756,1758],"product_tag":[2244],"acf":[],"_links":{"self":[{"href":"https:\/\/streetmarkets.fr\/app\/wp-json\/wp\/v2\/product\/2110313"}],"collection":[{"href":"https:\/\/streetmarkets.fr\/app\/wp-json\/wp\/v2\/product"}],"about":[{"href":"https:\/\/streetmarkets.fr\/app\/wp-json\/wp\/v2\/types\/product"}],"replies":[{"embeddable":true,"href":"https:\/\/streetmarkets.fr\/app\/wp-json\/wp\/v2\/comments?post=2110313"}],"wp:featuredmedia":[{"embeddable":true,"href":"https:\/\/streetmarkets.fr\/app\/wp-json\/wp\/v2\/media\/2110314"}],"wp:attachment":[{"href":"https:\/\/streetmarkets.fr\/app\/wp-json\/wp\/v2\/media?parent=2110313"}],"wp:term":[{"taxonomy":"product_brand","embeddable":true,"href":"https:\/\/streetmarkets.fr\/app\/wp-json\/wp\/v2\/product_brand?post=2110313"},{"taxonomy":"product_cat","embeddable":true,"href":"https:\/\/streetmarkets.fr\/app\/wp-json\/wp\/v2\/product_cat?post=2110313"},{"taxonomy":"product_tag","embeddable":true,"href":"https:\/\/streetmarkets.fr\/app\/wp-json\/wp\/v2\/product_tag?post=2110313"}],"curies":[{"name":"wp","href":"https:\/\/api.w.org\/{rel}","templated":true}]}}