{"id":2090805,"date":"2025-06-21T01:22:25","date_gmt":"2025-06-20T23:22:25","guid":{"rendered":"https:\/\/streetmarkets.fr\/app\/produit\/pins-limonade\/"},"modified":"2026-05-13T01:17:16","modified_gmt":"2026-05-12T23:17:16","slug":"pins-limonade","status":"publish","type":"product","link":"https:\/\/streetmarkets.fr\/app\/produit\/pins-limonade\/","title":{"rendered":"Pin&#8217;s Limonade"},"content":{"rendered":"<div id=\"product-description-short-41\" class=\"rte-content\">\n<strong><a href=\"\/collections\/coucou-suzette\" title=\"Collection Coucou Suzette\">Collection Coucou Suzette<\/a><\/strong>\u00a0<\/div>\n<div class=\"rte-content\"><\/div>\n<div class=\"rte-content\">\n<p><span>Pour une touche de fra\u00eecheur sur notre veste, on \u00e9pingle le plus adorable des pin\u2019s limonade : une carafe glac\u00e9e juste comme il faut, riche en citron et en menthe fra\u00eeche du march\u00e9. On vous ressert un verre ?<\/span><\/p>\n<\/div>\n<div class=\"rte-content\">\n<ul>\n<li><em><span>Composition : laiton et couleurs cloisonn\u00e9es<\/span><\/em><\/li>\n<li><em>Attache papillon<\/em><\/li>\n<li><i>Longueur de la tige : 7 mm<\/i><\/li>\n<li><i><span>Fabriqu\u00e9 en Chine dans une usine audit\u00e9e<\/span><\/i><\/li>\n<\/ul>\n<\/div>\n","protected":false},"excerpt":{"rendered":"<p>Collection Coucou Suzette\u00a0 Pour une touche de fra\u00eecheur sur notre veste, on \u00e9pingle le plus adorable des pin\u2019s limonade : une carafe glac\u00e9e juste comme il faut, riche en citron et en menthe fra\u00eeche du march\u00e9. On vous ressert un verre ? Composition : laiton et couleurs cloisonn\u00e9es Attache papillon Longueur de la tige : [&hellip;]<\/p>\n","protected":false},"featured_media":2090806,"comment_status":"open","ping_status":"closed","template":"","meta":[],"product_brand":[],"product_cat":[1756,1764],"product_tag":[2244,1811],"acf":[],"_links":{"self":[{"href":"https:\/\/streetmarkets.fr\/app\/wp-json\/wp\/v2\/product\/2090805"}],"collection":[{"href":"https:\/\/streetmarkets.fr\/app\/wp-json\/wp\/v2\/product"}],"about":[{"href":"https:\/\/streetmarkets.fr\/app\/wp-json\/wp\/v2\/types\/product"}],"replies":[{"embeddable":true,"href":"https:\/\/streetmarkets.fr\/app\/wp-json\/wp\/v2\/comments?post=2090805"}],"wp:featuredmedia":[{"embeddable":true,"href":"https:\/\/streetmarkets.fr\/app\/wp-json\/wp\/v2\/media\/2090806"}],"wp:attachment":[{"href":"https:\/\/streetmarkets.fr\/app\/wp-json\/wp\/v2\/media?parent=2090805"}],"wp:term":[{"taxonomy":"product_brand","embeddable":true,"href":"https:\/\/streetmarkets.fr\/app\/wp-json\/wp\/v2\/product_brand?post=2090805"},{"taxonomy":"product_cat","embeddable":true,"href":"https:\/\/streetmarkets.fr\/app\/wp-json\/wp\/v2\/product_cat?post=2090805"},{"taxonomy":"product_tag","embeddable":true,"href":"https:\/\/streetmarkets.fr\/app\/wp-json\/wp\/v2\/product_tag?post=2090805"}],"curies":[{"name":"wp","href":"https:\/\/api.w.org\/{rel}","templated":true}]}}