{"id":2083329,"date":"2025-06-19T05:22:01","date_gmt":"2025-06-19T03:22:01","guid":{"rendered":"https:\/\/streetmarkets.fr\/app\/produit\/jupe-fire-cognac\/"},"modified":"2026-04-22T05:22:21","modified_gmt":"2026-04-22T03:22:21","slug":"jupe-fire-cognac","status":"publish","type":"product","link":"https:\/\/streetmarkets.fr\/app\/produit\/jupe-fire-cognac\/","title":{"rendered":"Jupe Fire cognac"},"content":{"rendered":"<p>Jupe satin de coton doubl\u00e9e de coton.<br \/>\nPoches brod\u00e9es, plis creux sur le devant.<\/p>\n<p>C&#8217;est un mod\u00e8le qui se porte plut\u00f4t taille haute, l\u00e9g\u00e8rement \u00e9vas\u00e9e.<\/p>\n<p>Prix: 210\u20ac<\/p>\n<p>-15% =179\u20ac<\/p>\n","protected":false},"excerpt":{"rendered":"<p>Jupe satin de coton doubl\u00e9e de coton. Poches brod\u00e9es, plis creux sur le devant. C&#8217;est un mod\u00e8le qui se porte plut\u00f4t taille haute, l\u00e9g\u00e8rement \u00e9vas\u00e9e. Prix: 210\u20ac -15% =179\u20ac<\/p>\n","protected":false},"featured_media":2083330,"comment_status":"open","ping_status":"closed","template":"","meta":[],"product_brand":[1310],"product_cat":[1756,1762],"product_tag":[1813],"acf":[],"_links":{"self":[{"href":"https:\/\/streetmarkets.fr\/app\/wp-json\/wp\/v2\/product\/2083329"}],"collection":[{"href":"https:\/\/streetmarkets.fr\/app\/wp-json\/wp\/v2\/product"}],"about":[{"href":"https:\/\/streetmarkets.fr\/app\/wp-json\/wp\/v2\/types\/product"}],"replies":[{"embeddable":true,"href":"https:\/\/streetmarkets.fr\/app\/wp-json\/wp\/v2\/comments?post=2083329"}],"wp:featuredmedia":[{"embeddable":true,"href":"https:\/\/streetmarkets.fr\/app\/wp-json\/wp\/v2\/media\/2083330"}],"wp:attachment":[{"href":"https:\/\/streetmarkets.fr\/app\/wp-json\/wp\/v2\/media?parent=2083329"}],"wp:term":[{"taxonomy":"product_brand","embeddable":true,"href":"https:\/\/streetmarkets.fr\/app\/wp-json\/wp\/v2\/product_brand?post=2083329"},{"taxonomy":"product_cat","embeddable":true,"href":"https:\/\/streetmarkets.fr\/app\/wp-json\/wp\/v2\/product_cat?post=2083329"},{"taxonomy":"product_tag","embeddable":true,"href":"https:\/\/streetmarkets.fr\/app\/wp-json\/wp\/v2\/product_tag?post=2083329"}],"curies":[{"name":"wp","href":"https:\/\/api.w.org\/{rel}","templated":true}]}}