{"id":2078002,"date":"2025-06-19T01:45:52","date_gmt":"2025-06-18T23:45:52","guid":{"rendered":"https:\/\/streetmarkets.fr\/app\/produit\/jupe-mini-simha-s25-femme-ruby-bloom\/"},"modified":"2025-10-02T01:58:38","modified_gmt":"2025-10-01T23:58:38","slug":"jupe-mini-simha-s25-femme-ruby-bloom","status":"publish","type":"product","link":"https:\/\/streetmarkets.fr\/app\/produit\/jupe-mini-simha-s25-femme-ruby-bloom\/","title":{"rendered":"Jupe Mini Simha (S25 \/ FEMME \/ Ruby Bloom)"},"content":{"rendered":"<p>En satin de soie l\u00e9ger, brillant et soyeux, cette mini-jupe conf\u00e8re une silhouette fluide, r\u00e9hauss\u00e9e de bords en dentelle. Incarnant l\u2019\u00e9l\u00e9gance intemporelle, elle se mixe \u00e0 un top structur\u00e9 ou une maille moelleuse.<\/p>\n<p>&#8211; Mini-jupe en satin de soie Femme<br \/>\n<br \/>&#8211; Bords en dentelle<br \/>\n<br \/>&#8211; Taille \u00e9lastiqu\u00e9e<br \/>\n<br \/>&#8211; Coupe regular<\/p>\n","protected":false},"excerpt":{"rendered":"<p>En satin de soie l\u00e9ger, brillant et soyeux, cette mini-jupe conf\u00e8re une silhouette fluide, r\u00e9hauss\u00e9e de bords en dentelle. Incarnant l\u2019\u00e9l\u00e9gance intemporelle, elle se mixe \u00e0 un top structur\u00e9 ou une maille moelleuse. &#8211; Mini-jupe en satin de soie Femme &#8211; Bords en dentelle &#8211; Taille \u00e9lastiqu\u00e9e &#8211; Coupe regular<\/p>\n","protected":false},"featured_media":2078003,"comment_status":"open","ping_status":"closed","template":"","meta":[],"product_brand":[6868],"product_cat":[1756,1762],"product_tag":[2244],"acf":[],"_links":{"self":[{"href":"https:\/\/streetmarkets.fr\/app\/wp-json\/wp\/v2\/product\/2078002"}],"collection":[{"href":"https:\/\/streetmarkets.fr\/app\/wp-json\/wp\/v2\/product"}],"about":[{"href":"https:\/\/streetmarkets.fr\/app\/wp-json\/wp\/v2\/types\/product"}],"replies":[{"embeddable":true,"href":"https:\/\/streetmarkets.fr\/app\/wp-json\/wp\/v2\/comments?post=2078002"}],"wp:featuredmedia":[{"embeddable":true,"href":"https:\/\/streetmarkets.fr\/app\/wp-json\/wp\/v2\/media\/2078003"}],"wp:attachment":[{"href":"https:\/\/streetmarkets.fr\/app\/wp-json\/wp\/v2\/media?parent=2078002"}],"wp:term":[{"taxonomy":"product_brand","embeddable":true,"href":"https:\/\/streetmarkets.fr\/app\/wp-json\/wp\/v2\/product_brand?post=2078002"},{"taxonomy":"product_cat","embeddable":true,"href":"https:\/\/streetmarkets.fr\/app\/wp-json\/wp\/v2\/product_cat?post=2078002"},{"taxonomy":"product_tag","embeddable":true,"href":"https:\/\/streetmarkets.fr\/app\/wp-json\/wp\/v2\/product_tag?post=2078002"}],"curies":[{"name":"wp","href":"https:\/\/api.w.org\/{rel}","templated":true}]}}