{"id":2052909,"date":"2025-06-14T02:09:37","date_gmt":"2025-06-14T00:09:37","guid":{"rendered":"https:\/\/streetmarkets.fr\/app\/produit\/nouveau-xirena-chemise-beau-river-precommande\/"},"modified":"2026-02-07T01:03:51","modified_gmt":"2026-02-07T00:03:51","slug":"nouveau-xirena-chemise-beau-river-precommande","status":"publish","type":"product","link":"https:\/\/streetmarkets.fr\/app\/produit\/nouveau-xirena-chemise-beau-river-precommande\/","title":{"rendered":"XIRENA Chemise Beau River"},"content":{"rendered":"<p data-rte-preserve-empty=\"true\">Chemise souple \u00e0 petits carreaux, coupe ample et droite, manches longues et poignets resserr\u00e9s. <\/p>\n<p data-rte-preserve-empty=\"true\">D\u00e9tail : 88% coton, 12% polyesthere <\/p>\n","protected":false},"excerpt":{"rendered":"<p>Chemise souple \u00e0 petits carreaux, coupe ample et droite, manches longues et poignets resserr\u00e9s. D\u00e9tail : 88% coton, 12% polyesthere<\/p>\n","protected":false},"featured_media":2052910,"comment_status":"open","ping_status":"closed","template":"","meta":[],"product_brand":[],"product_cat":[1756,1762],"product_tag":[2244],"acf":[],"_links":{"self":[{"href":"https:\/\/streetmarkets.fr\/app\/wp-json\/wp\/v2\/product\/2052909"}],"collection":[{"href":"https:\/\/streetmarkets.fr\/app\/wp-json\/wp\/v2\/product"}],"about":[{"href":"https:\/\/streetmarkets.fr\/app\/wp-json\/wp\/v2\/types\/product"}],"replies":[{"embeddable":true,"href":"https:\/\/streetmarkets.fr\/app\/wp-json\/wp\/v2\/comments?post=2052909"}],"wp:featuredmedia":[{"embeddable":true,"href":"https:\/\/streetmarkets.fr\/app\/wp-json\/wp\/v2\/media\/2052910"}],"wp:attachment":[{"href":"https:\/\/streetmarkets.fr\/app\/wp-json\/wp\/v2\/media?parent=2052909"}],"wp:term":[{"taxonomy":"product_brand","embeddable":true,"href":"https:\/\/streetmarkets.fr\/app\/wp-json\/wp\/v2\/product_brand?post=2052909"},{"taxonomy":"product_cat","embeddable":true,"href":"https:\/\/streetmarkets.fr\/app\/wp-json\/wp\/v2\/product_cat?post=2052909"},{"taxonomy":"product_tag","embeddable":true,"href":"https:\/\/streetmarkets.fr\/app\/wp-json\/wp\/v2\/product_tag?post=2052909"}],"curies":[{"name":"wp","href":"https:\/\/api.w.org\/{rel}","templated":true}]}}