{"id":2052799,"date":"2025-06-14T02:04:00","date_gmt":"2025-06-14T00:04:00","guid":{"rendered":"https:\/\/streetmarkets.fr\/app\/produit\/veste-marcel-workwear-mixte-coton-bio-hindbag\/"},"modified":"2026-04-22T02:01:25","modified_gmt":"2026-04-22T00:01:25","slug":"veste-marcel-workwear-mixte-coton-bio-hindbag","status":"publish","type":"product","link":"https:\/\/streetmarkets.fr\/app\/produit\/veste-marcel-workwear-mixte-coton-bio-hindbag\/","title":{"rendered":"Veste Marcel workwear mixte coton bio &#8211; Hindbag"},"content":{"rendered":"<h2 data-start=\"215\" data-end=\"426\">Veste Marcel workwear mixte en coton bio &#8211; Hindbag<strong data-end=\"286\" data-start=\"236\"><br \/><img decoding=\"async\" src=\"https:\/\/cdn.shopify.com\/s\/files\/1\/0593\/7093\/0335\/files\/HindbagLogo_480x480.jpg?v=1677944319\" alt=\"\" style=\"font-size: 1.4em\"><img decoding=\"async\" src=\"https:\/\/cdn.shopify.com\/s\/files\/1\/0593\/7093\/0335\/files\/Picto_Temps_Libre_et_Voyage_480x480.jpg?v=1677763747\" alt=\"\" style=\"font-size: 1.4em\"><img decoding=\"async\" src=\"https:\/\/cdn.shopify.com\/s\/files\/1\/0593\/7093\/0335\/files\/Picto_Bio_480x480.jpg?v=1677763747\" alt=\"\" style=\"font-size: 1.4em\"><\/strong><strong data-end=\"286\" data-start=\"236\"><\/strong><br \/>\n<\/h2>\n<p data-start=\"161\" data-end=\"574\">La pi\u00e8ce iconique du vestiaire workwear revisit\u00e9e avec \u00e9thique. Avec la veste Marcel, Hindbag signe sa toute premi\u00e8re incursion dans le pr\u00eat-\u00e0-porter, en restant fid\u00e8le \u00e0 ses valeurs : durabilit\u00e9, style et engagement. Inspir\u00e9e des bleus de travail traditionnels, cette veste unisexe en coton biologique certifi\u00e9 GOTS affiche une coupe droite intemporelle, des finitions soign\u00e9es et une robustesse \u00e0 toute \u00e9preuve.<\/p>\n<p data-start=\"576\" data-end=\"932\">Pens\u00e9e pour vous accompagner au quotidien, elle se d\u00e9cline en plusieurs coloris sobres ou audacieux, et allie esth\u00e9tique et fonctionnalit\u00e9. Deux poches plaqu\u00e9es sur le devant, une poche int\u00e9rieure discr\u00e8te brod\u00e9e du logo Hindbag, et une bande en blockprint \u00e0 l\u2019int\u00e9rieur pour la touche artisanale. Une veste polyvalente, facile \u00e0 porter, con\u00e7ue pour durer.<\/p>\n<p data-start=\"934\" data-end=\"1427\"><strong>\u2728 Pourquoi l\u2019adopter ?<\/strong><br \/>\ud83d\udc56 Design workwear revisit\u00e9 : Coupe droite mixte, sobre et polyvalente<br data-start=\"1029\" data-end=\"1032\">\ud83c\udf31 Coton bio labellis\u00e9 GOTS : \u00c9pais (500g\/m\u00b2), d\u00e9perlant, haute r\u00e9sistance UV<br data-start=\"1111\" data-end=\"1114\">\u270a Fabrication \u00e9thique et engag\u00e9e : Confectionn\u00e9e par une ONG en Inde (SSMI)<br data-start=\"1191\" data-end=\"1194\">\ud83c\udfaf D\u00e9tails soign\u00e9s : Broderie int\u00e9rieure et bande blockprint \u00e0 la main<br data-start=\"1266\" data-end=\"1269\">\ud83e\udde5 Pratique &amp; fonctionnelle : 2 poches ext\u00e9rieures + 1 poche int\u00e9rieure<br data-start=\"1342\" data-end=\"1345\">\ud83d\udcbc Vestiaire durable et styl\u00e9 : Parfaite entre deux saisons, pour tous les looks<\/p>\n<p data-end=\"2244\" data-start=\"2209\"><strong>\ud83e\uddfc Entretien<\/strong><br data-start=\"1441\" data-end=\"1444\">Lavage en machine \u00e0 30\u00b0C recommand\u00e9 sur l\u2019envers. Ne pas s\u00e9cher en machine. Repassage doux autoris\u00e9.<\/p>\n<h3 style=\"text-align: start\"><span>HINDBAG<br \/><\/span><\/h3>\n<p style=\"text-align: start\"><span>Hindbag est une marque \u00e9thique et solidaire, engag\u00e9e pour une mode plus durable.<\/span><br \/><span>Leurs accessoires mode et lifestyle sont fabriqu\u00e9s par une ONG indienne, SSMI, qui \u0153uvre \u00e0 l\u2019\u00e9mancipation des femmes et l\u2019\u00e9ducation des enfants du quartier de Punjabi Bagh \u00e0 New Delhi. Cela permet de contribuer\u00a0au d\u00e9veloppement d\u2019un commerce social et solidaire et 40% de leur chiffre d\u2019affaire peut ainsi \u00eatre d\u00e9di\u00e9 \u00e0 l\u2019ONG SSMI.<\/span><\/p>\n<h3 style=\"text-align: start\">INFORMATIONS<\/h3>\n<p>Mati\u00e8re : 100\u202f% coton biologique (certifi\u00e9 GOTS)<br \/>Grammage : 500g\/m\u00b2 \u2013 tissu \u00e9pais, r\u00e9sistant aux UV<br \/>Coupe Droite, oversize, mixte.<br \/>D\u00e9tails : 2 poches ext\u00e9rieures, 1 poche int\u00e9rieure, broderie &amp; blockprint<br \/>Origine : Fabriqu\u00e9 en Inde par ONG SSMI<\/p>\n","protected":false},"excerpt":{"rendered":"<p>Veste Marcel workwear mixte en coton bio &#8211; Hindbag La pi\u00e8ce iconique du vestiaire workwear revisit\u00e9e avec \u00e9thique. Avec la veste Marcel, Hindbag signe sa toute premi\u00e8re incursion dans le pr\u00eat-\u00e0-porter, en restant fid\u00e8le \u00e0 ses valeurs : durabilit\u00e9, style et engagement. Inspir\u00e9e des bleus de travail traditionnels, cette veste unisexe en coton biologique certifi\u00e9 [&hellip;]<\/p>\n","protected":false},"featured_media":2052800,"comment_status":"open","ping_status":"closed","template":"","meta":[],"product_brand":[7126],"product_cat":[1756,1762],"product_tag":[1810],"acf":[],"_links":{"self":[{"href":"https:\/\/streetmarkets.fr\/app\/wp-json\/wp\/v2\/product\/2052799"}],"collection":[{"href":"https:\/\/streetmarkets.fr\/app\/wp-json\/wp\/v2\/product"}],"about":[{"href":"https:\/\/streetmarkets.fr\/app\/wp-json\/wp\/v2\/types\/product"}],"replies":[{"embeddable":true,"href":"https:\/\/streetmarkets.fr\/app\/wp-json\/wp\/v2\/comments?post=2052799"}],"wp:featuredmedia":[{"embeddable":true,"href":"https:\/\/streetmarkets.fr\/app\/wp-json\/wp\/v2\/media\/2052800"}],"wp:attachment":[{"href":"https:\/\/streetmarkets.fr\/app\/wp-json\/wp\/v2\/media?parent=2052799"}],"wp:term":[{"taxonomy":"product_brand","embeddable":true,"href":"https:\/\/streetmarkets.fr\/app\/wp-json\/wp\/v2\/product_brand?post=2052799"},{"taxonomy":"product_cat","embeddable":true,"href":"https:\/\/streetmarkets.fr\/app\/wp-json\/wp\/v2\/product_cat?post=2052799"},{"taxonomy":"product_tag","embeddable":true,"href":"https:\/\/streetmarkets.fr\/app\/wp-json\/wp\/v2\/product_tag?post=2052799"}],"curies":[{"name":"wp","href":"https:\/\/api.w.org\/{rel}","templated":true}]}}