{"id":2049908,"date":"2025-06-12T06:44:29","date_gmt":"2025-06-12T04:44:29","guid":{"rendered":"https:\/\/streetmarkets.fr\/app\/produit\/bag-loose-t-shirt-1310\/"},"modified":"2026-03-16T05:43:27","modified_gmt":"2026-03-16T04:43:27","slug":"bag-loose-t-shirt-1310","status":"publish","type":"product","link":"https:\/\/streetmarkets.fr\/app\/produit\/bag-loose-t-shirt-1310\/","title":{"rendered":"Bag Loose T-Shirt 1310"},"content":{"rendered":"<p><!--td {border: 1px solid #cccccc;}br {mso-data-placement:same-cell;}--><\/p>\n<p><span data-sheets-root=\"1\">D\u00e9couvrez le <strong>T-shirt Bag Loose 1310 <\/strong>de la marque <strong>Revolution<\/strong>, disponible en couleur jaune ou en bleu chez\u00a0<strong>Harold<\/strong>, LA boutique <strong>pr\u00eat-\u00e0-porter homme<\/strong> du marais, \u00e0 Paris. Ce T-shirt est <strong>parfait pour les journ\u00e9es ensoleill\u00e9es<\/strong> de l&#8217;\u00e9t\u00e9. Confectionn\u00e9 en coton biologique et polyester recycl\u00e9, il promet un confort optimal.<\/p>\n<p>Ce T-shirt \u00e0 <strong>col rond <\/strong>et \u00e0 la <strong>coupe l\u00e9g\u00e8rement oversize<\/strong> se distingue par une<strong> broderie humoristique <\/strong>d&#8217;un petit poisson dans son sac plastique sur la poitrine gauche. Cette touche amusante \u00e9voque la <strong>l\u00e9g\u00e8ret\u00e9 <\/strong>de la saison estivale. La couleur jaune clair rappelle le soleil, la chaleur et les plaisirs du Sud, tandis que le motif marin est un clin d&#8217;\u0153il \u00e0 la plage et \u00e0 la mer.<\/p>\n<p>Id\u00e9al pour vos activit\u00e9s estivales, le T-shirt <strong>Bag Loose 1310<\/strong> est votre alli\u00e9 pour une promenade en bord de mer ou une journ\u00e9e en plein air. Adoptez ce T-shirt styl\u00e9 et original, disponible d\u00e8s maintenant chez <strong>Harold<\/strong>.<\/span><\/p>\n","protected":false},"excerpt":{"rendered":"<p>D\u00e9couvrez le T-shirt Bag Loose 1310 de la marque Revolution, disponible en couleur jaune ou en bleu chez\u00a0Harold, LA boutique pr\u00eat-\u00e0-porter homme du marais, \u00e0 Paris. Ce T-shirt est parfait pour les journ\u00e9es ensoleill\u00e9es de l&#8217;\u00e9t\u00e9. Confectionn\u00e9 en coton biologique et polyester recycl\u00e9, il promet un confort optimal. Ce T-shirt \u00e0 col rond et \u00e0 [&hellip;]<\/p>\n","protected":false},"featured_media":2049909,"comment_status":"open","ping_status":"closed","template":"","meta":[],"product_brand":[],"product_cat":[1756,1758],"product_tag":[2244],"acf":[],"_links":{"self":[{"href":"https:\/\/streetmarkets.fr\/app\/wp-json\/wp\/v2\/product\/2049908"}],"collection":[{"href":"https:\/\/streetmarkets.fr\/app\/wp-json\/wp\/v2\/product"}],"about":[{"href":"https:\/\/streetmarkets.fr\/app\/wp-json\/wp\/v2\/types\/product"}],"replies":[{"embeddable":true,"href":"https:\/\/streetmarkets.fr\/app\/wp-json\/wp\/v2\/comments?post=2049908"}],"wp:featuredmedia":[{"embeddable":true,"href":"https:\/\/streetmarkets.fr\/app\/wp-json\/wp\/v2\/media\/2049909"}],"wp:attachment":[{"href":"https:\/\/streetmarkets.fr\/app\/wp-json\/wp\/v2\/media?parent=2049908"}],"wp:term":[{"taxonomy":"product_brand","embeddable":true,"href":"https:\/\/streetmarkets.fr\/app\/wp-json\/wp\/v2\/product_brand?post=2049908"},{"taxonomy":"product_cat","embeddable":true,"href":"https:\/\/streetmarkets.fr\/app\/wp-json\/wp\/v2\/product_cat?post=2049908"},{"taxonomy":"product_tag","embeddable":true,"href":"https:\/\/streetmarkets.fr\/app\/wp-json\/wp\/v2\/product_tag?post=2049908"}],"curies":[{"name":"wp","href":"https:\/\/api.w.org\/{rel}","templated":true}]}}