{"id":2025542,"date":"2025-06-08T08:43:30","date_gmt":"2025-06-08T06:43:30","guid":{"rendered":"https:\/\/streetmarkets.fr\/app\/produit\/jonc-durga-turquoise-diaperis\/"},"modified":"2026-05-05T08:38:31","modified_gmt":"2026-05-05T06:38:31","slug":"jonc-durga-turquoise-diaperis","status":"publish","type":"product","link":"https:\/\/streetmarkets.fr\/app\/produit\/jonc-durga-turquoise-diaperis\/","title":{"rendered":"Jonc durga turquoise &#8211; Diaperis"},"content":{"rendered":"<p>Jonc en laiton plaqu\u00e9 or, orn\u00e9 de 9 turquoises rondes<\/p>\n<p>attention : convient aux poignets fins \u00a0<\/p>\n<p>Cr\u00e9atrice fran\u00e7aise, Martine Menguy s&#8217;inspire de ses voyages pour cr\u00e9er ses collections.<\/p>\n","protected":false},"excerpt":{"rendered":"<p>Jonc en laiton plaqu\u00e9 or, orn\u00e9 de 9 turquoises rondes attention : convient aux poignets fins \u00a0 Cr\u00e9atrice fran\u00e7aise, Martine Menguy s&#8217;inspire de ses voyages pour cr\u00e9er ses collections.<\/p>\n","protected":false},"featured_media":2025543,"comment_status":"open","ping_status":"closed","template":"","meta":[],"product_brand":[],"product_cat":[1807,1756],"product_tag":[2244],"acf":[],"_links":{"self":[{"href":"https:\/\/streetmarkets.fr\/app\/wp-json\/wp\/v2\/product\/2025542"}],"collection":[{"href":"https:\/\/streetmarkets.fr\/app\/wp-json\/wp\/v2\/product"}],"about":[{"href":"https:\/\/streetmarkets.fr\/app\/wp-json\/wp\/v2\/types\/product"}],"replies":[{"embeddable":true,"href":"https:\/\/streetmarkets.fr\/app\/wp-json\/wp\/v2\/comments?post=2025542"}],"wp:featuredmedia":[{"embeddable":true,"href":"https:\/\/streetmarkets.fr\/app\/wp-json\/wp\/v2\/media\/2025543"}],"wp:attachment":[{"href":"https:\/\/streetmarkets.fr\/app\/wp-json\/wp\/v2\/media?parent=2025542"}],"wp:term":[{"taxonomy":"product_brand","embeddable":true,"href":"https:\/\/streetmarkets.fr\/app\/wp-json\/wp\/v2\/product_brand?post=2025542"},{"taxonomy":"product_cat","embeddable":true,"href":"https:\/\/streetmarkets.fr\/app\/wp-json\/wp\/v2\/product_cat?post=2025542"},{"taxonomy":"product_tag","embeddable":true,"href":"https:\/\/streetmarkets.fr\/app\/wp-json\/wp\/v2\/product_tag?post=2025542"}],"curies":[{"name":"wp","href":"https:\/\/api.w.org\/{rel}","templated":true}]}}