{"id":2014525,"date":"2025-06-07T02:12:15","date_gmt":"2025-06-07T00:12:15","guid":{"rendered":"https:\/\/streetmarkets.fr\/app\/produit\/nouveau-xirena-chemise-violette-bonbon-stripes-precommande\/"},"modified":"2025-10-29T01:09:23","modified_gmt":"2025-10-29T00:09:23","slug":"nouveau-xirena-chemise-violette-bonbon-stripes-precommande","status":"publish","type":"product","link":"https:\/\/streetmarkets.fr\/app\/produit\/nouveau-xirena-chemise-violette-bonbon-stripes-precommande\/","title":{"rendered":"Nouveau ! XIRENA Chemise Violette Bonbon Stripes"},"content":{"rendered":"<p data-rte-preserve-empty=\"true\">Capsule L\u00e9a Summer ! L\u00e9a Meylan For XIRENA<\/p>\n<p data-rte-preserve-empty=\"true\">Chemise en coton a rayures, coupes ample, manches longues et poignets resserr\u00e9s, emmanchure large, une poche plaqu\u00e9e devant et petite broderies Coeur dans le bas du v\u00eatement.<\/p>\n<p data-rte-preserve-empty=\"true\">D\u00e9tail : 100% coton<\/p>\n","protected":false},"excerpt":{"rendered":"<p>Capsule L\u00e9a Summer ! L\u00e9a Meylan For XIRENA Chemise en coton a rayures, coupes ample, manches longues et poignets resserr\u00e9s, emmanchure large, une poche plaqu\u00e9e devant et petite broderies Coeur dans le bas du v\u00eatement. D\u00e9tail : 100% coton<\/p>\n","protected":false},"featured_media":2014526,"comment_status":"open","ping_status":"closed","template":"","meta":[],"product_brand":[],"product_cat":[1756,1762],"product_tag":[2244],"acf":[],"_links":{"self":[{"href":"https:\/\/streetmarkets.fr\/app\/wp-json\/wp\/v2\/product\/2014525"}],"collection":[{"href":"https:\/\/streetmarkets.fr\/app\/wp-json\/wp\/v2\/product"}],"about":[{"href":"https:\/\/streetmarkets.fr\/app\/wp-json\/wp\/v2\/types\/product"}],"replies":[{"embeddable":true,"href":"https:\/\/streetmarkets.fr\/app\/wp-json\/wp\/v2\/comments?post=2014525"}],"wp:featuredmedia":[{"embeddable":true,"href":"https:\/\/streetmarkets.fr\/app\/wp-json\/wp\/v2\/media\/2014526"}],"wp:attachment":[{"href":"https:\/\/streetmarkets.fr\/app\/wp-json\/wp\/v2\/media?parent=2014525"}],"wp:term":[{"taxonomy":"product_brand","embeddable":true,"href":"https:\/\/streetmarkets.fr\/app\/wp-json\/wp\/v2\/product_brand?post=2014525"},{"taxonomy":"product_cat","embeddable":true,"href":"https:\/\/streetmarkets.fr\/app\/wp-json\/wp\/v2\/product_cat?post=2014525"},{"taxonomy":"product_tag","embeddable":true,"href":"https:\/\/streetmarkets.fr\/app\/wp-json\/wp\/v2\/product_tag?post=2014525"}],"curies":[{"name":"wp","href":"https:\/\/api.w.org\/{rel}","templated":true}]}}