{"id":2014517,"date":"2025-06-07T02:12:13","date_gmt":"2025-06-07T00:12:13","guid":{"rendered":"https:\/\/streetmarkets.fr\/app\/produit\/nouveau-xirena-blouse-colette-camelia-precommande\/"},"modified":"2026-03-18T00:59:39","modified_gmt":"2026-03-17T23:59:39","slug":"nouveau-xirena-blouse-colette-camelia-precommande","status":"publish","type":"product","link":"https:\/\/streetmarkets.fr\/app\/produit\/nouveau-xirena-blouse-colette-camelia-precommande\/","title":{"rendered":"XIRENA Blouse Colette Cam\u00e9lia -50%"},"content":{"rendered":"<p data-rte-preserve-empty=\"true\">Capsule L\u00e9a Summer ! L\u00e9a Meylan For XIRENA<\/p>\n<p data-rte-preserve-empty=\"true\">Blouse en coton, coupe ample, manches longues et poignets res\u00e9rr\u00e9s, emmanchure large, encolure arrondie boutonn\u00e9e, d\u00e9tail broderie sur le col, le d\u00e9collet\u00e9 et les poignets.<\/p>\n<p data-rte-preserve-empty=\"true\">D\u00e9tail : 100% coton<\/p>\n","protected":false},"excerpt":{"rendered":"<p>Capsule L\u00e9a Summer ! L\u00e9a Meylan For XIRENA Blouse en coton, coupe ample, manches longues et poignets res\u00e9rr\u00e9s, emmanchure large, encolure arrondie boutonn\u00e9e, d\u00e9tail broderie sur le col, le d\u00e9collet\u00e9 et les poignets. D\u00e9tail : 100% coton<\/p>\n","protected":false},"featured_media":2014518,"comment_status":"open","ping_status":"closed","template":"","meta":[],"product_brand":[],"product_cat":[1756,1762],"product_tag":[2244],"acf":[],"_links":{"self":[{"href":"https:\/\/streetmarkets.fr\/app\/wp-json\/wp\/v2\/product\/2014517"}],"collection":[{"href":"https:\/\/streetmarkets.fr\/app\/wp-json\/wp\/v2\/product"}],"about":[{"href":"https:\/\/streetmarkets.fr\/app\/wp-json\/wp\/v2\/types\/product"}],"replies":[{"embeddable":true,"href":"https:\/\/streetmarkets.fr\/app\/wp-json\/wp\/v2\/comments?post=2014517"}],"wp:featuredmedia":[{"embeddable":true,"href":"https:\/\/streetmarkets.fr\/app\/wp-json\/wp\/v2\/media\/2014518"}],"wp:attachment":[{"href":"https:\/\/streetmarkets.fr\/app\/wp-json\/wp\/v2\/media?parent=2014517"}],"wp:term":[{"taxonomy":"product_brand","embeddable":true,"href":"https:\/\/streetmarkets.fr\/app\/wp-json\/wp\/v2\/product_brand?post=2014517"},{"taxonomy":"product_cat","embeddable":true,"href":"https:\/\/streetmarkets.fr\/app\/wp-json\/wp\/v2\/product_cat?post=2014517"},{"taxonomy":"product_tag","embeddable":true,"href":"https:\/\/streetmarkets.fr\/app\/wp-json\/wp\/v2\/product_tag?post=2014517"}],"curies":[{"name":"wp","href":"https:\/\/api.w.org\/{rel}","templated":true}]}}