{"id":2014494,"date":"2025-06-07T02:12:09","date_gmt":"2025-06-07T00:12:09","guid":{"rendered":"https:\/\/streetmarkets.fr\/app\/produit\/nouveau-xirena-top-louise-chocolat-precommande\/"},"modified":"2025-09-17T02:11:27","modified_gmt":"2025-09-17T00:11:27","slug":"nouveau-xirena-top-louise-chocolat-precommande","status":"publish","type":"product","link":"https:\/\/streetmarkets.fr\/app\/produit\/nouveau-xirena-top-louise-chocolat-precommande\/","title":{"rendered":"XIRENA Top Louise Chocolat -40%"},"content":{"rendered":"<p data-rte-preserve-empty=\"true\">Capsule L\u00e9a Summer ! L\u00e9a Meylan For XIRENA<\/p>\n<p data-rte-preserve-empty=\"true\">Top en coton boutonn\u00e9, coupe droite, encolure en v, d\u00e9tail broderie devant, dos et aux \u00e9paules.<\/p>\n<p data-rte-preserve-empty=\"true\">D\u00e9tail : 100% coton<\/p>\n","protected":false},"excerpt":{"rendered":"<p>Capsule L\u00e9a Summer ! L\u00e9a Meylan For XIRENA Top en coton boutonn\u00e9, coupe droite, encolure en v, d\u00e9tail broderie devant, dos et aux \u00e9paules. D\u00e9tail : 100% coton<\/p>\n","protected":false},"featured_media":2014495,"comment_status":"open","ping_status":"closed","template":"","meta":[],"product_brand":[],"product_cat":[1756,1762],"product_tag":[2244],"acf":[],"_links":{"self":[{"href":"https:\/\/streetmarkets.fr\/app\/wp-json\/wp\/v2\/product\/2014494"}],"collection":[{"href":"https:\/\/streetmarkets.fr\/app\/wp-json\/wp\/v2\/product"}],"about":[{"href":"https:\/\/streetmarkets.fr\/app\/wp-json\/wp\/v2\/types\/product"}],"replies":[{"embeddable":true,"href":"https:\/\/streetmarkets.fr\/app\/wp-json\/wp\/v2\/comments?post=2014494"}],"wp:featuredmedia":[{"embeddable":true,"href":"https:\/\/streetmarkets.fr\/app\/wp-json\/wp\/v2\/media\/2014495"}],"wp:attachment":[{"href":"https:\/\/streetmarkets.fr\/app\/wp-json\/wp\/v2\/media?parent=2014494"}],"wp:term":[{"taxonomy":"product_brand","embeddable":true,"href":"https:\/\/streetmarkets.fr\/app\/wp-json\/wp\/v2\/product_brand?post=2014494"},{"taxonomy":"product_cat","embeddable":true,"href":"https:\/\/streetmarkets.fr\/app\/wp-json\/wp\/v2\/product_cat?post=2014494"},{"taxonomy":"product_tag","embeddable":true,"href":"https:\/\/streetmarkets.fr\/app\/wp-json\/wp\/v2\/product_tag?post=2014494"}],"curies":[{"name":"wp","href":"https:\/\/api.w.org\/{rel}","templated":true}]}}