{"id":2013275,"date":"2025-06-07T00:55:49","date_gmt":"2025-06-06T22:55:49","guid":{"rendered":"https:\/\/streetmarkets.fr\/app\/produit\/rouge-a-levres-brique-date\/"},"modified":"2026-05-04T00:55:52","modified_gmt":"2026-05-03T22:55:52","slug":"rouge-a-levres-brique-date","status":"publish","type":"product","link":"https:\/\/streetmarkets.fr\/app\/produit\/rouge-a-levres-brique-date\/","title":{"rendered":"Rouge \u00e0 l\u00e8vres &#8211; Brique Date"},"content":{"rendered":"<p>Le rouge \u00e0 l\u00e8vres Brique Date\u00a0colore\u00a0subtilement les l\u00e8vres. Parfait pour l&#8217;\u00e9t\u00e9\u00a0avec ses nuances<span data-mce-fragment=\"1\">\u00a0orang\u00e9es, il vous procurera une exp\u00e9rience sensorielle unique gr\u00e2ce \u00e0 sa formule semi-solide \u00e0 base de cire v\u00e9g\u00e9tale.\u00a0Sa\u00a0texture\u00a0onctueuse se fondra instantan\u00e9ment sur votre bouche.\u00a0<\/span><\/p>\n<p>\u00c0 l&#8217;extrait\u00a0d&#8217;algue brune\u00a0de Bretagne. Fabriqu\u00e9 en Bretagne. <\/p>\n<p><span><em><\/em><\/span><span>LE CONSEIL D&#8217;ASTRID<\/span><\/p>\n<p>Un\u00a0Rouge \u00e0 l\u00e8vres cr\u00e8me \u00e0 l\u2019extrait d\u2019algue brune\u00a0qui permet\u00a0une bonne hydratation de la peau. Ses vertus lissantes et repulpantes favorisent la restructuration des volumes.<\/p>\n<p>Un rose d\u00e9licat aux nuances orang\u00e9es qui convient \u00e0 tous. Vous pourrez moduler la couvrance gr\u00e2ce \u00e0 son intensit\u00e9 naturelle. <\/p>\n<p>CONSEIL D&#8217;UTILISATION<\/p>\n<ul>\n<li>Chauffez la mati\u00e8re \u00e0 l&#8217;aide de votre doigt.\u00a0<\/li>\n<li>Pr\u00e9levez la quantit\u00e9 souhait\u00e9e pour un maquillage plus ou moins travaill\u00e9.<\/li>\n<li>Tapotez la mati\u00e8re sur vos l\u00e8vres.<\/li>\n<li>Admirez\u00a0votre bouche naturellement color\u00e9e. \u00a0<\/li>\n<\/ul>\n<p><span>LE PETIT PLUS<\/span><\/p>\n<p>L\u2019algue brune, cultiv\u00e9e sur la c\u00f4te bretonne, a la capacit\u00e9 de s\u00e9questrer une grande quantit\u00e9 de carbone.\u00a0<span data-mce-fragment=\"1\">Elle contribue \u00e9galement \u00e0 nettoyer les oc\u00e9ans des phosphates, nitrates et autres polluants issus de l\u2019agriculture et favorise la biodiversit\u00e9 marine, cr\u00e9ant des habitats marins pour les autres esp\u00e8ces.\u00a0<\/span><\/p>\n<p>COMPOSITION<\/p>\n<ul>\n<li>Pot de 10g, soit l&#8217;\u00e9quivalent de 3 rouges \u00e0 l\u00e8vres standards.\u00a0\u00a0<\/li>\n<li>Not\u00e9<span>\u00a0<\/span><em>excellent<\/em><span>\u00a0<\/span>sur Yuka et INCI Beauty.\u00a0<\/li>\n<li>Ingr\u00e9dients :<span> Caprylic\/Capric Triglyceride, Ricinus Communis Seed Oil*, Copernicia Cerifera Cera*, Butyrospermum Parkii Butter*, Helianthus Annuus Seed Wax**, CI 77891, CI 77491, Oleic\/Linoleic\/Linolenic Polyglycerides, Trihydroxystearin, CI 77492, Polyhydroxystearic Acid, Dictyopteris Polypodioides Extract, Helianthus Annuus Seed Oil, Tocopherol, Caprylic\/Capric Glycerides, Parfum, CI 77499<\/span><span data-mce-fragment=\"1\">.<\/span>\n<\/li>\n<\/ul>\n<p>*Ingr\u00e9dients issus de l&#8217;Agriculture Biologique.<\/p>\n<p>**Transform\u00e9s \u00e0 partir d&#8217;ingr\u00e9dients Biologiques.<\/p>\n<p><span>Ne contient pas :<\/span><\/p>\n<ul>\n<li><span>Parfum synth\u00e9tique<\/span><\/li>\n<li><span>Mati\u00e8res premi\u00e8res \u00e0 l\u2019\u00e9tat nano<\/span><\/li>\n<li><span>Sulfates<\/span><\/li>\n<li><span>Talc<\/span><\/li>\n<li><span>Phtalates<\/span><\/li>\n<\/ul>\n<p><i><span><\/span><\/i><span>LA MARQUE<\/span><\/p>\n<p><span>&#8211;\u00a0Du maquillage sensoriel bon pour soi et pour les sols &#8211;\u00a0\u00a0<\/span><\/p>\n<p><span>Eclo est une jeune marque de produits de maquillage du quotidien qui subliment naturellement. Formule\u0301s a\u0300 partir d\u2019ingre\u0301dients vegan, bio et 100% naturels, les produits Eclo \u00e0 la <\/span>texture baume onctueuse et fondante, se de\u0301clinent en une palette de couleurs universelles. Un maquillage qui contribue \u00e0 r\u00e9g\u00e9n\u00e9rer la plan\u00e8te gr\u00e2ce \u00e0 ses ingr\u00e9dients et ses packagings innovants, entie\u0300rement compostables.<\/p>\n","protected":false},"excerpt":{"rendered":"<p>Le rouge \u00e0 l\u00e8vres Brique Date\u00a0colore\u00a0subtilement les l\u00e8vres. Parfait pour l&#8217;\u00e9t\u00e9\u00a0avec ses nuances\u00a0orang\u00e9es, il vous procurera une exp\u00e9rience sensorielle unique gr\u00e2ce \u00e0 sa formule semi-solide \u00e0 base de cire v\u00e9g\u00e9tale.\u00a0Sa\u00a0texture\u00a0onctueuse se fondra instantan\u00e9ment sur votre bouche.\u00a0 \u00c0 l&#8217;extrait\u00a0d&#8217;algue brune\u00a0de Bretagne. Fabriqu\u00e9 en Bretagne. LE CONSEIL D&#8217;ASTRID Un\u00a0Rouge \u00e0 l\u00e8vres cr\u00e8me \u00e0 l\u2019extrait d\u2019algue brune\u00a0qui permet\u00a0une [&hellip;]<\/p>\n","protected":false},"featured_media":2013276,"comment_status":"open","ping_status":"closed","template":"","meta":[],"product_brand":[],"product_cat":[1756,1764],"product_tag":[1813],"acf":[],"_links":{"self":[{"href":"https:\/\/streetmarkets.fr\/app\/wp-json\/wp\/v2\/product\/2013275"}],"collection":[{"href":"https:\/\/streetmarkets.fr\/app\/wp-json\/wp\/v2\/product"}],"about":[{"href":"https:\/\/streetmarkets.fr\/app\/wp-json\/wp\/v2\/types\/product"}],"replies":[{"embeddable":true,"href":"https:\/\/streetmarkets.fr\/app\/wp-json\/wp\/v2\/comments?post=2013275"}],"wp:featuredmedia":[{"embeddable":true,"href":"https:\/\/streetmarkets.fr\/app\/wp-json\/wp\/v2\/media\/2013276"}],"wp:attachment":[{"href":"https:\/\/streetmarkets.fr\/app\/wp-json\/wp\/v2\/media?parent=2013275"}],"wp:term":[{"taxonomy":"product_brand","embeddable":true,"href":"https:\/\/streetmarkets.fr\/app\/wp-json\/wp\/v2\/product_brand?post=2013275"},{"taxonomy":"product_cat","embeddable":true,"href":"https:\/\/streetmarkets.fr\/app\/wp-json\/wp\/v2\/product_cat?post=2013275"},{"taxonomy":"product_tag","embeddable":true,"href":"https:\/\/streetmarkets.fr\/app\/wp-json\/wp\/v2\/product_tag?post=2013275"}],"curies":[{"name":"wp","href":"https:\/\/api.w.org\/{rel}","templated":true}]}}