{"id":2006573,"date":"2025-06-05T06:55:12","date_gmt":"2025-06-05T04:55:12","guid":{"rendered":"https:\/\/streetmarkets.fr\/app\/produit\/hooded-jacket-7351\/"},"modified":"2026-03-16T05:48:16","modified_gmt":"2026-03-16T04:48:16","slug":"hooded-jacket-7351","status":"publish","type":"product","link":"https:\/\/streetmarkets.fr\/app\/produit\/hooded-jacket-7351\/","title":{"rendered":"Hooded Jacket 7351"},"content":{"rendered":"<p><span data-sheets-userformat='{\"2\":897,\"3\":{\"1\":0},\"10\":1,\"11\":4,\"12\":0}' data-sheets-value=\"{&quot;1&quot;:2,&quot;2&quot;:&quot;D\u00e9couvrez la \\&quot;Hooded Jacket 7351\\&quot; de REVOLUTION, disponible dans les coloris vert arm\u00e9e et bleu marine. Cette parka courte est confectionn\u00e9e dans toile r\u00e9sistante, fabriqu\u00e9e \u00e0 partir d'un m\u00e9lange de polyester recycl\u00e9 et de coton, offrant une durabilit\u00e9 exceptionnelle.\\n\\nSes poches plaqu\u00e9es donnen un style pratique et d\u00e9contract\u00e9 tandis que la capuche ajustable permet de s'adapter \u00e0 diff\u00e9rentes conditions m\u00e9t\u00e9orologiques. Ce coupe-vent est id\u00e9al pour se prot\u00e9ger de la pluie.\\n\\nCette parka est l'un des mod\u00e8les pr\u00e9f\u00e9r\u00e9s de REVOLUTION, suivi depuis des ann\u00e9es. Ses couleurs estivales apportent une touche de bonne humeur \u00e0 votre tenue, tout en vous offrant protection et confort.\\n\\nPolyvalente et pratique, la \\&quot;Hooded Jacket 7351\\&quot; est un choix id\u00e9al pour affronter les journ\u00e9es fra\u00eeches et pluvieuses avec style. Ajoutez-la \u00e0 votre collection pour une tenue d\u00e9contract\u00e9e et tendance, quel que soit le temps qu'il fait.&quot;}\" data-sheets-root=\"1\">D\u00e9couvrez la <strong>Hooded Jacket 7351<\/strong> de <strong>Revolution<\/strong>, disponible dans les coloris vert arm\u00e9e et bleu marine. Cette <strong>parka courte<\/strong> est confectionn\u00e9e dans <strong>toile r\u00e9sistante,<\/strong> fabriqu\u00e9e \u00e0 partir d&#8217;un m\u00e9lange de polyester recycl\u00e9 et de coton, offrant une <strong>durabilit\u00e9 exceptionnelle<\/strong>.<\/p>\n<p>Ses poches plaqu\u00e9es donnent un <strong>style pratique et d\u00e9contract\u00e9<\/strong> tandis que la capuche ajustable permet de s&#8217;adapter aux diff\u00e9rentes conditions m\u00e9t\u00e9orologiques. <strong>Ce coupe-vent est id\u00e9al pour se prot\u00e9ger de la pluie<\/strong>.<\/p>\n<p>Cette parka est l&#8217;un des mod\u00e8les pr\u00e9f\u00e9r\u00e9s de Revolution, suivi depuis des ann\u00e9es. Ses couleurs estivales apportent une <strong>touche de bonne humeur \u00e0 votre tenue<\/strong>, tout en vous offrant protection et confort.<\/p>\n<p><strong>Polyvalente et pratique<\/strong>, la Hooded Jacket 7351 est un <strong>choix id\u00e9al pour affronter les journ\u00e9es fra\u00eeches et pluvieuses avec style<\/strong>. Ajoutez-la \u00e0 votre collection pour une tenue d\u00e9contract\u00e9e et tendance, quel que soit le temps qu&#8217;il fait.<\/span><\/p>\n","protected":false},"excerpt":{"rendered":"<p>D\u00e9couvrez la Hooded Jacket 7351 de Revolution, disponible dans les coloris vert arm\u00e9e et bleu marine. Cette parka courte est confectionn\u00e9e dans toile r\u00e9sistante, fabriqu\u00e9e \u00e0 partir d&#8217;un m\u00e9lange de polyester recycl\u00e9 et de coton, offrant une durabilit\u00e9 exceptionnelle. Ses poches plaqu\u00e9es donnent un style pratique et d\u00e9contract\u00e9 tandis que la capuche ajustable permet de [&hellip;]<\/p>\n","protected":false},"featured_media":2006574,"comment_status":"open","ping_status":"closed","template":"","meta":[],"product_brand":[],"product_cat":[1756,1758],"product_tag":[2244],"acf":[],"_links":{"self":[{"href":"https:\/\/streetmarkets.fr\/app\/wp-json\/wp\/v2\/product\/2006573"}],"collection":[{"href":"https:\/\/streetmarkets.fr\/app\/wp-json\/wp\/v2\/product"}],"about":[{"href":"https:\/\/streetmarkets.fr\/app\/wp-json\/wp\/v2\/types\/product"}],"replies":[{"embeddable":true,"href":"https:\/\/streetmarkets.fr\/app\/wp-json\/wp\/v2\/comments?post=2006573"}],"wp:featuredmedia":[{"embeddable":true,"href":"https:\/\/streetmarkets.fr\/app\/wp-json\/wp\/v2\/media\/2006574"}],"wp:attachment":[{"href":"https:\/\/streetmarkets.fr\/app\/wp-json\/wp\/v2\/media?parent=2006573"}],"wp:term":[{"taxonomy":"product_brand","embeddable":true,"href":"https:\/\/streetmarkets.fr\/app\/wp-json\/wp\/v2\/product_brand?post=2006573"},{"taxonomy":"product_cat","embeddable":true,"href":"https:\/\/streetmarkets.fr\/app\/wp-json\/wp\/v2\/product_cat?post=2006573"},{"taxonomy":"product_tag","embeddable":true,"href":"https:\/\/streetmarkets.fr\/app\/wp-json\/wp\/v2\/product_tag?post=2006573"}],"curies":[{"name":"wp","href":"https:\/\/api.w.org\/{rel}","templated":true}]}}