{"id":2001517,"date":"2025-06-05T01:14:20","date_gmt":"2025-06-04T23:14:20","guid":{"rendered":"https:\/\/streetmarkets.fr\/app\/produit\/foulard-bloom-macadamia\/"},"modified":"2025-11-24T00:15:48","modified_gmt":"2025-11-23T23:15:48","slug":"foulard-bloom-macadamia","status":"publish","type":"product","link":"https:\/\/streetmarkets.fr\/app\/produit\/foulard-bloom-macadamia\/","title":{"rendered":"Foulard Bloom &#8211; Macadamia"},"content":{"rendered":"<p>Un foulard en coton, l\u00e9ger et doux, imprim\u00e9 \u00e0 la main selon la technique du block print. Son motif Bloom donne tout de suite du relief \u00e0 une tenue, sans en faire trop. On l\u2019enroule autour du cou, on le noue dans les cheveux ou \u00e0 l\u2019anse d\u2019un sac : il apporte cette touche de style qui change tout.<\/p>\n<p>Disponible en deux formats, 50&#215;50 cm pour les looks bandana et accessoires, et 100&#215;100 cm pour un drap\u00e9 plus g\u00e9n\u00e9reux. Les encres v\u00e9g\u00e9tales 100% naturelles et la fabrication \u00e0 la main lui conf\u00e8rent un charme artisanal et de l\u00e9g\u00e8res variations uniques d\u2019un mod\u00e8le \u00e0 l\u2019autre.<\/p>\n<p>Naturel, respirant et facile \u00e0 vivre, c\u2019est l\u2019accessoire parfait pour offrir (ou s\u2019offrir) un joli twist \u00e0 son vestiaire.<\/p>\n","protected":false},"excerpt":{"rendered":"<p>Un foulard en coton, l\u00e9ger et doux, imprim\u00e9 \u00e0 la main selon la technique du block print. Son motif Bloom donne tout de suite du relief \u00e0 une tenue, sans en faire trop. On l\u2019enroule autour du cou, on le noue dans les cheveux ou \u00e0 l\u2019anse d\u2019un sac : il apporte cette touche de [&hellip;]<\/p>\n","protected":false},"featured_media":2001518,"comment_status":"open","ping_status":"closed","template":"","meta":[],"product_brand":[],"product_cat":[1756,1764],"product_tag":[1810],"acf":[],"_links":{"self":[{"href":"https:\/\/streetmarkets.fr\/app\/wp-json\/wp\/v2\/product\/2001517"}],"collection":[{"href":"https:\/\/streetmarkets.fr\/app\/wp-json\/wp\/v2\/product"}],"about":[{"href":"https:\/\/streetmarkets.fr\/app\/wp-json\/wp\/v2\/types\/product"}],"replies":[{"embeddable":true,"href":"https:\/\/streetmarkets.fr\/app\/wp-json\/wp\/v2\/comments?post=2001517"}],"wp:featuredmedia":[{"embeddable":true,"href":"https:\/\/streetmarkets.fr\/app\/wp-json\/wp\/v2\/media\/2001518"}],"wp:attachment":[{"href":"https:\/\/streetmarkets.fr\/app\/wp-json\/wp\/v2\/media?parent=2001517"}],"wp:term":[{"taxonomy":"product_brand","embeddable":true,"href":"https:\/\/streetmarkets.fr\/app\/wp-json\/wp\/v2\/product_brand?post=2001517"},{"taxonomy":"product_cat","embeddable":true,"href":"https:\/\/streetmarkets.fr\/app\/wp-json\/wp\/v2\/product_cat?post=2001517"},{"taxonomy":"product_tag","embeddable":true,"href":"https:\/\/streetmarkets.fr\/app\/wp-json\/wp\/v2\/product_tag?post=2001517"}],"curies":[{"name":"wp","href":"https:\/\/api.w.org\/{rel}","templated":true}]}}