{"id":1977806,"date":"2025-05-31T02:14:03","date_gmt":"2025-05-31T00:14:03","guid":{"rendered":"https:\/\/streetmarkets.fr\/app\/produit\/robe-longue-manche-longue-mara-s25-femme-summer-flowers\/"},"modified":"2025-10-02T02:01:05","modified_gmt":"2025-10-02T00:01:05","slug":"robe-longue-manche-longue-mara-s25-femme-summer-flowers","status":"publish","type":"product","link":"https:\/\/streetmarkets.fr\/app\/produit\/robe-longue-manche-longue-mara-s25-femme-summer-flowers\/","title":{"rendered":"Robe Longue Manche Longue Mara (S25 \/ FEMME \/ Summer Flowers)"},"content":{"rendered":"<p>&#8211; Robe longue Femme<br \/>\n<br \/>&#8211; Imprim\u00e9 fleuri<br \/>\n<br \/>&#8211; D\u00e9collet\u00e9 en V \u00e0 n\u0153ud<br \/>\n<br \/>&#8211; D\u00e9coupe<br \/>\n<br \/>&#8211; Manches longues<br \/>\n<br \/>&#8211; Poignets l\u00e9g\u00e8rement \u00e9vas\u00e9s<br \/>\n<br \/>&#8211; Jupe pliss\u00e9e<br \/>\n<br \/>&#8211; Coupe slim<\/p>\n","protected":false},"excerpt":{"rendered":"<p>&#8211; Robe longue Femme &#8211; Imprim\u00e9 fleuri &#8211; D\u00e9collet\u00e9 en V \u00e0 n\u0153ud &#8211; D\u00e9coupe &#8211; Manches longues &#8211; Poignets l\u00e9g\u00e8rement \u00e9vas\u00e9s &#8211; Jupe pliss\u00e9e &#8211; Coupe slim<\/p>\n","protected":false},"featured_media":1977807,"comment_status":"open","ping_status":"closed","template":"","meta":[],"product_brand":[6868],"product_cat":[1756,1762],"product_tag":[2244],"acf":[],"_links":{"self":[{"href":"https:\/\/streetmarkets.fr\/app\/wp-json\/wp\/v2\/product\/1977806"}],"collection":[{"href":"https:\/\/streetmarkets.fr\/app\/wp-json\/wp\/v2\/product"}],"about":[{"href":"https:\/\/streetmarkets.fr\/app\/wp-json\/wp\/v2\/types\/product"}],"replies":[{"embeddable":true,"href":"https:\/\/streetmarkets.fr\/app\/wp-json\/wp\/v2\/comments?post=1977806"}],"wp:featuredmedia":[{"embeddable":true,"href":"https:\/\/streetmarkets.fr\/app\/wp-json\/wp\/v2\/media\/1977807"}],"wp:attachment":[{"href":"https:\/\/streetmarkets.fr\/app\/wp-json\/wp\/v2\/media?parent=1977806"}],"wp:term":[{"taxonomy":"product_brand","embeddable":true,"href":"https:\/\/streetmarkets.fr\/app\/wp-json\/wp\/v2\/product_brand?post=1977806"},{"taxonomy":"product_cat","embeddable":true,"href":"https:\/\/streetmarkets.fr\/app\/wp-json\/wp\/v2\/product_cat?post=1977806"},{"taxonomy":"product_tag","embeddable":true,"href":"https:\/\/streetmarkets.fr\/app\/wp-json\/wp\/v2\/product_tag?post=1977806"}],"curies":[{"name":"wp","href":"https:\/\/api.w.org\/{rel}","templated":true}]}}