{"id":1958081,"date":"2025-05-27T08:42:20","date_gmt":"2025-05-27T06:42:20","guid":{"rendered":"https:\/\/streetmarkets.fr\/app\/produit\/ns-link-tote-dark-brown-dragon-diffusion\/"},"modified":"2026-05-08T08:38:28","modified_gmt":"2026-05-08T06:38:28","slug":"ns-link-tote-dark-brown-dragon-diffusion","status":"publish","type":"product","link":"https:\/\/streetmarkets.fr\/app\/produit\/ns-link-tote-dark-brown-dragon-diffusion\/","title":{"rendered":"NS Link Tote dark brown &#8211; Dragon Diffusion"},"content":{"rendered":"<p>Nouveau mod\u00e8le chez Dragon Diffusion avec style vintage. \u00a0<\/p>\n<p>Sac tress\u00e9 \u00e0 la main sur un moule en bois, il se porte \u00e0 l&#8217;\u00e9paule ou en cross body, nouveau type de tressage chez Dragon, qui lui conf\u00e8re un esprit vintage.<\/p>\n<p>Ce sac est dot\u00e9 de sangles uniques qui forment des m\u00e9daillons en cuir, reli\u00e9s entre eux comme une cha\u00eene, cr\u00e9ant un look textur\u00e9 distinctif.<\/p>\n<p>Polyvalent dans son style, il peut \u00eatre port\u00e9 \u00e0 l&#8217;\u00e9paule ou en bandouli\u00e8re, s&#8217;adaptant sans effort \u00e0 vos besoins.<\/p>\n<p>Une m\u00e9daille Saint-Christophe vieillie, en hommage au saint patron des voyageurs, est cousue \u00e0 la main \u00e0 l&#8217;int\u00e9rieur de chaque sac Dragon Diffusion, le sceau d&#8217;authenticit\u00e9 de la marque Dragon.<\/p>\n","protected":false},"excerpt":{"rendered":"<p>Nouveau mod\u00e8le chez Dragon Diffusion avec style vintage. \u00a0 Sac tress\u00e9 \u00e0 la main sur un moule en bois, il se porte \u00e0 l&#8217;\u00e9paule ou en cross body, nouveau type de tressage chez Dragon, qui lui conf\u00e8re un esprit vintage. Ce sac est dot\u00e9 de sangles uniques qui forment des m\u00e9daillons en cuir, reli\u00e9s entre [&hellip;]<\/p>\n","protected":false},"featured_media":1958082,"comment_status":"open","ping_status":"closed","template":"","meta":[],"product_brand":[],"product_cat":[1756,1764],"product_tag":[2244],"acf":[],"_links":{"self":[{"href":"https:\/\/streetmarkets.fr\/app\/wp-json\/wp\/v2\/product\/1958081"}],"collection":[{"href":"https:\/\/streetmarkets.fr\/app\/wp-json\/wp\/v2\/product"}],"about":[{"href":"https:\/\/streetmarkets.fr\/app\/wp-json\/wp\/v2\/types\/product"}],"replies":[{"embeddable":true,"href":"https:\/\/streetmarkets.fr\/app\/wp-json\/wp\/v2\/comments?post=1958081"}],"wp:featuredmedia":[{"embeddable":true,"href":"https:\/\/streetmarkets.fr\/app\/wp-json\/wp\/v2\/media\/1958082"}],"wp:attachment":[{"href":"https:\/\/streetmarkets.fr\/app\/wp-json\/wp\/v2\/media?parent=1958081"}],"wp:term":[{"taxonomy":"product_brand","embeddable":true,"href":"https:\/\/streetmarkets.fr\/app\/wp-json\/wp\/v2\/product_brand?post=1958081"},{"taxonomy":"product_cat","embeddable":true,"href":"https:\/\/streetmarkets.fr\/app\/wp-json\/wp\/v2\/product_cat?post=1958081"},{"taxonomy":"product_tag","embeddable":true,"href":"https:\/\/streetmarkets.fr\/app\/wp-json\/wp\/v2\/product_tag?post=1958081"}],"curies":[{"name":"wp","href":"https:\/\/api.w.org\/{rel}","templated":true}]}}