{"id":1953162,"date":"2025-05-27T02:13:36","date_gmt":"2025-05-27T00:13:36","guid":{"rendered":"https:\/\/streetmarkets.fr\/app\/produit\/top-bretelles-s25-femme-noir-2\/"},"modified":"2025-10-02T02:01:02","modified_gmt":"2025-10-02T00:01:02","slug":"top-bretelles-s25-femme-noir-2","status":"publish","type":"product","link":"https:\/\/streetmarkets.fr\/app\/produit\/top-bretelles-s25-femme-noir-2\/","title":{"rendered":"Top Bretelles (S25 \/ FEMME \/ Noir)"},"content":{"rendered":"<p>Avec un col rond, des bretelles larges et d&#8217;emmanchures am\u00e9ricaines, ce top d\u00e9bardeur s\u2019impose comme un indispensable du vestiaire f\u00e9minin. \u00c0 porter seul ou en superposition, il autorise tous les styles. <\/p>\n<p>&#8211; Top d\u00e9bardeur Femme<br \/>\n<br \/>&#8211; Col rond<br \/>\n<br \/>&#8211; Bretelles larges<br \/>\n<br \/>&#8211; Emmanchures am\u00e9ricaines<br \/>\n<br \/>&#8211; Coupe regular<\/p>\n","protected":false},"excerpt":{"rendered":"<p>Avec un col rond, des bretelles larges et d&#8217;emmanchures am\u00e9ricaines, ce top d\u00e9bardeur s\u2019impose comme un indispensable du vestiaire f\u00e9minin. \u00c0 porter seul ou en superposition, il autorise tous les styles. &#8211; Top d\u00e9bardeur Femme &#8211; Col rond &#8211; Bretelles larges &#8211; Emmanchures am\u00e9ricaines &#8211; Coupe regular<\/p>\n","protected":false},"featured_media":1953163,"comment_status":"open","ping_status":"closed","template":"","meta":[],"product_brand":[6868],"product_cat":[1756,1762],"product_tag":[2244],"acf":[],"_links":{"self":[{"href":"https:\/\/streetmarkets.fr\/app\/wp-json\/wp\/v2\/product\/1953162"}],"collection":[{"href":"https:\/\/streetmarkets.fr\/app\/wp-json\/wp\/v2\/product"}],"about":[{"href":"https:\/\/streetmarkets.fr\/app\/wp-json\/wp\/v2\/types\/product"}],"replies":[{"embeddable":true,"href":"https:\/\/streetmarkets.fr\/app\/wp-json\/wp\/v2\/comments?post=1953162"}],"wp:featuredmedia":[{"embeddable":true,"href":"https:\/\/streetmarkets.fr\/app\/wp-json\/wp\/v2\/media\/1953163"}],"wp:attachment":[{"href":"https:\/\/streetmarkets.fr\/app\/wp-json\/wp\/v2\/media?parent=1953162"}],"wp:term":[{"taxonomy":"product_brand","embeddable":true,"href":"https:\/\/streetmarkets.fr\/app\/wp-json\/wp\/v2\/product_brand?post=1953162"},{"taxonomy":"product_cat","embeddable":true,"href":"https:\/\/streetmarkets.fr\/app\/wp-json\/wp\/v2\/product_cat?post=1953162"},{"taxonomy":"product_tag","embeddable":true,"href":"https:\/\/streetmarkets.fr\/app\/wp-json\/wp\/v2\/product_tag?post=1953162"}],"curies":[{"name":"wp","href":"https:\/\/api.w.org\/{rel}","templated":true}]}}