{"id":1923296,"date":"2025-05-22T02:16:57","date_gmt":"2025-05-22T00:16:57","guid":{"rendered":"https:\/\/streetmarkets.fr\/app\/produit\/robe-longue-bretelles-addi-s25-femme-navy\/"},"modified":"2025-10-02T02:01:02","modified_gmt":"2025-10-02T00:01:02","slug":"robe-longue-bretelles-addi-s25-femme-navy","status":"publish","type":"product","link":"https:\/\/streetmarkets.fr\/app\/produit\/robe-longue-bretelles-addi-s25-femme-navy\/","title":{"rendered":"Robe Longue Bretelles Addi (S25 \/ FEMME \/ Navy)"},"content":{"rendered":"<p>&#8211; Robe longue sans manches Femme<br \/>\n<br \/>&#8211; Col rond<br \/>\n<br \/>&#8211; C\u00f4t\u00e9s fronc\u00e9s<br \/>\n<br \/>&#8211; Fermeture zipp\u00e9e sur le c\u00f4t\u00e9<br \/>\n<br \/>&#8211; Fermeture goutte boutonn\u00e9e au dos<br \/>\n<br \/>&#8211; Jupe pliss\u00e9e et \u00e9vas\u00e9e<br \/>\n<br \/>&#8211; Coupe slim<\/p>\n","protected":false},"excerpt":{"rendered":"<p>&#8211; Robe longue sans manches Femme &#8211; Col rond &#8211; C\u00f4t\u00e9s fronc\u00e9s &#8211; Fermeture zipp\u00e9e sur le c\u00f4t\u00e9 &#8211; Fermeture goutte boutonn\u00e9e au dos &#8211; Jupe pliss\u00e9e et \u00e9vas\u00e9e &#8211; Coupe slim<\/p>\n","protected":false},"featured_media":1923297,"comment_status":"open","ping_status":"closed","template":"","meta":[],"product_brand":[6868],"product_cat":[1756,1762],"product_tag":[2244],"acf":[],"_links":{"self":[{"href":"https:\/\/streetmarkets.fr\/app\/wp-json\/wp\/v2\/product\/1923296"}],"collection":[{"href":"https:\/\/streetmarkets.fr\/app\/wp-json\/wp\/v2\/product"}],"about":[{"href":"https:\/\/streetmarkets.fr\/app\/wp-json\/wp\/v2\/types\/product"}],"replies":[{"embeddable":true,"href":"https:\/\/streetmarkets.fr\/app\/wp-json\/wp\/v2\/comments?post=1923296"}],"wp:featuredmedia":[{"embeddable":true,"href":"https:\/\/streetmarkets.fr\/app\/wp-json\/wp\/v2\/media\/1923297"}],"wp:attachment":[{"href":"https:\/\/streetmarkets.fr\/app\/wp-json\/wp\/v2\/media?parent=1923296"}],"wp:term":[{"taxonomy":"product_brand","embeddable":true,"href":"https:\/\/streetmarkets.fr\/app\/wp-json\/wp\/v2\/product_brand?post=1923296"},{"taxonomy":"product_cat","embeddable":true,"href":"https:\/\/streetmarkets.fr\/app\/wp-json\/wp\/v2\/product_cat?post=1923296"},{"taxonomy":"product_tag","embeddable":true,"href":"https:\/\/streetmarkets.fr\/app\/wp-json\/wp\/v2\/product_tag?post=1923296"}],"curies":[{"name":"wp","href":"https:\/\/api.w.org\/{rel}","templated":true}]}}