{"id":1912941,"date":"2025-05-19T06:54:12","date_gmt":"2025-05-19T04:54:12","guid":{"rendered":"https:\/\/streetmarkets.fr\/app\/produit\/hector-aoe-paisley-ss-shirt\/"},"modified":"2026-03-16T05:47:43","modified_gmt":"2026-03-16T04:47:43","slug":"hector-aoe-paisley-ss-shirt","status":"publish","type":"product","link":"https:\/\/streetmarkets.fr\/app\/produit\/hector-aoe-paisley-ss-shirt\/","title":{"rendered":"Hector AOE Paisley SS Shirt"},"content":{"rendered":"<p dir=\"auto\">D\u00e9couvrez la chemise Hector, une pi\u00e8ce embl\u00e9matique de la collection Harold, alliant tradition et modernit\u00e9. <strong>100% coton<\/strong>, cette chemise offre un <strong>confort<\/strong> in\u00e9gal\u00e9 et une qualit\u00e9 irr\u00e9prochable.<\/p>\n<p dir=\"auto\">Le mod\u00e8le <strong>Hector<\/strong> se distingue par sa <strong>broderie anglaise<\/strong>, un savoir-faire artisanal qui apporte une touche d&#8217;\u00e9l\u00e9gance raffin\u00e9e. Le <strong>motif paisley<\/strong>, <strong>brod\u00e9<\/strong> sur l&#8217;ensemble de la chemise, ajoute une dimension artistique et audacieuse \u00e0 cette pi\u00e8ce classique.<\/p>\n<p dir=\"auto\">Con\u00e7ue avec un col classique et une patte de boutonnage sans pli, la chemise Hector \u00e9pouse parfaitement les silhouettes masculines, offrant une <strong>coupe \u00e0 la fois ajust\u00e9e et confortable<\/strong>. Parfaite pour les occasions formelles ou d\u00e9contract\u00e9es, cette chemise est un incontournable de la garde-robe masculine.<\/p>\n<p dir=\"auto\">Retrouvez la chemise Hector dans notre boutique de pr\u00eat-\u00e0-porter homme Harold, situ\u00e9e dans le Marais \u00e0 Paris, et laissez-vous s\u00e9duire par son charme intemporel.<\/p>\n","protected":false},"excerpt":{"rendered":"<p>D\u00e9couvrez la chemise Hector, une pi\u00e8ce embl\u00e9matique de la collection Harold, alliant tradition et modernit\u00e9. 100% coton, cette chemise offre un confort in\u00e9gal\u00e9 et une qualit\u00e9 irr\u00e9prochable. Le mod\u00e8le Hector se distingue par sa broderie anglaise, un savoir-faire artisanal qui apporte une touche d&#8217;\u00e9l\u00e9gance raffin\u00e9e. Le motif paisley, brod\u00e9 sur l&#8217;ensemble de la chemise, ajoute [&hellip;]<\/p>\n","protected":false},"featured_media":1912942,"comment_status":"open","ping_status":"closed","template":"","meta":[],"product_brand":[],"product_cat":[1756,1758],"product_tag":[2244],"acf":[],"_links":{"self":[{"href":"https:\/\/streetmarkets.fr\/app\/wp-json\/wp\/v2\/product\/1912941"}],"collection":[{"href":"https:\/\/streetmarkets.fr\/app\/wp-json\/wp\/v2\/product"}],"about":[{"href":"https:\/\/streetmarkets.fr\/app\/wp-json\/wp\/v2\/types\/product"}],"replies":[{"embeddable":true,"href":"https:\/\/streetmarkets.fr\/app\/wp-json\/wp\/v2\/comments?post=1912941"}],"wp:featuredmedia":[{"embeddable":true,"href":"https:\/\/streetmarkets.fr\/app\/wp-json\/wp\/v2\/media\/1912942"}],"wp:attachment":[{"href":"https:\/\/streetmarkets.fr\/app\/wp-json\/wp\/v2\/media?parent=1912941"}],"wp:term":[{"taxonomy":"product_brand","embeddable":true,"href":"https:\/\/streetmarkets.fr\/app\/wp-json\/wp\/v2\/product_brand?post=1912941"},{"taxonomy":"product_cat","embeddable":true,"href":"https:\/\/streetmarkets.fr\/app\/wp-json\/wp\/v2\/product_cat?post=1912941"},{"taxonomy":"product_tag","embeddable":true,"href":"https:\/\/streetmarkets.fr\/app\/wp-json\/wp\/v2\/product_tag?post=1912941"}],"curies":[{"name":"wp","href":"https:\/\/api.w.org\/{rel}","templated":true}]}}