{"id":1867067,"date":"2025-05-11T08:43:13","date_gmt":"2025-05-11T06:43:13","guid":{"rendered":"https:\/\/streetmarkets.fr\/app\/produit\/robe-josephine-redwood\/"},"modified":"2026-05-05T08:38:31","modified_gmt":"2026-05-05T06:38:31","slug":"robe-josephine-redwood","status":"publish","type":"product","link":"https:\/\/streetmarkets.fr\/app\/produit\/robe-josephine-redwood\/","title":{"rendered":"Robe Josephine &#8211; Redwood &#8211; Mare di Latte"},"content":{"rendered":"<p data-mce-fragment=\"1\"><span data-mce-fragment=\"1\">J<span data-mce-fragment=\"1\">OSEPHINE est la version robe du chemisier JOJO. Elle a \u00e9t\u00e9 cr\u00e9\u00e9e dans un coton vaporeux froiss\u00e9 qui lui conf\u00e8re une allure chic et confortable. Le col se noue ou non gr\u00e2ce \u00e0 ses petits cordons.<\/span><br \/>A porter \u00e0 la plage comme en ville.<\/span><\/p>\n<p>&#8211; Robe courte manches longues doubl\u00e9e avec un fond de robe.\u00a0<\/p>\n<p>&#8211; Nouettes sur le col<\/p>\n<p data-mce-fragment=\"1\">\u00a0<\/p>\n<p data-mce-fragment=\"1\"><strong>Guide des tailles :<\/strong> La taille 0 correspond \u00e0 un 36, la taille 1 \u00e0 un 38 et la taille 2 \u00e0 un 40.<\/p>\n<p data-mce-fragment=\"1\">Cr\u00e9atrice fran\u00e7aise \/ fabrication Inde\u00a0<\/p>\n","protected":false},"excerpt":{"rendered":"<p>JOSEPHINE est la version robe du chemisier JOJO. Elle a \u00e9t\u00e9 cr\u00e9\u00e9e dans un coton vaporeux froiss\u00e9 qui lui conf\u00e8re une allure chic et confortable. Le col se noue ou non gr\u00e2ce \u00e0 ses petits cordons.A porter \u00e0 la plage comme en ville. &#8211; Robe courte manches longues doubl\u00e9e avec un fond de robe.\u00a0 &#8211; [&hellip;]<\/p>\n","protected":false},"featured_media":1867068,"comment_status":"open","ping_status":"closed","template":"","meta":[],"product_brand":[],"product_cat":[1756,1762],"product_tag":[2244],"acf":[],"_links":{"self":[{"href":"https:\/\/streetmarkets.fr\/app\/wp-json\/wp\/v2\/product\/1867067"}],"collection":[{"href":"https:\/\/streetmarkets.fr\/app\/wp-json\/wp\/v2\/product"}],"about":[{"href":"https:\/\/streetmarkets.fr\/app\/wp-json\/wp\/v2\/types\/product"}],"replies":[{"embeddable":true,"href":"https:\/\/streetmarkets.fr\/app\/wp-json\/wp\/v2\/comments?post=1867067"}],"wp:featuredmedia":[{"embeddable":true,"href":"https:\/\/streetmarkets.fr\/app\/wp-json\/wp\/v2\/media\/1867068"}],"wp:attachment":[{"href":"https:\/\/streetmarkets.fr\/app\/wp-json\/wp\/v2\/media?parent=1867067"}],"wp:term":[{"taxonomy":"product_brand","embeddable":true,"href":"https:\/\/streetmarkets.fr\/app\/wp-json\/wp\/v2\/product_brand?post=1867067"},{"taxonomy":"product_cat","embeddable":true,"href":"https:\/\/streetmarkets.fr\/app\/wp-json\/wp\/v2\/product_cat?post=1867067"},{"taxonomy":"product_tag","embeddable":true,"href":"https:\/\/streetmarkets.fr\/app\/wp-json\/wp\/v2\/product_tag?post=1867067"}],"curies":[{"name":"wp","href":"https:\/\/api.w.org\/{rel}","templated":true}]}}