{"id":1848764,"date":"2025-05-08T01:49:18","date_gmt":"2025-05-07T23:49:18","guid":{"rendered":"https:\/\/streetmarkets.fr\/app\/produit\/pins-double-coeur\/"},"modified":"2026-05-11T01:49:44","modified_gmt":"2026-05-10T23:49:44","slug":"pins-double-coeur","status":"publish","type":"product","link":"https:\/\/streetmarkets.fr\/app\/produit\/pins-double-coeur\/","title":{"rendered":"Pin&#8217;s &#8211; Double coeur"},"content":{"rendered":"<div style=\"text-align: left\" class=\"prdescription\">\n<div class=\"prdescription\">\n<div class=\"prdescription\">\n<p class=\"Polaris-Text--root Polaris-Text--bodyMd\">Apportez une touche de fantaisie \u00e0 votre tenue avec ce pin&#8217;s Double C\u0153ur, <span data-mce-fragment=\"1\">un accessoire d\u00e9licat et symbolique qui exprime l&#8217;amour et la connexion.<\/span><\/p>\n<p class=\"Polaris-Text--root Polaris-Text--bodyMd\"><span>Parfait pour ajouter une note d&#8217;originalit\u00e9 \u00e0 vos accessoires avec ce pin&#8217;s unique.<\/span><\/p>\n<\/div>\n<\/div>\n<\/div>\n<div style=\"text-align: left\">\n<ul><\/ul>\n<ul><\/ul>\n<\/div>\n","protected":false},"excerpt":{"rendered":"<p>Apportez une touche de fantaisie \u00e0 votre tenue avec ce pin&#8217;s Double C\u0153ur, un accessoire d\u00e9licat et symbolique qui exprime l&#8217;amour et la connexion. Parfait pour ajouter une note d&#8217;originalit\u00e9 \u00e0 vos accessoires avec ce pin&#8217;s unique.<\/p>\n","protected":false},"featured_media":1848765,"comment_status":"open","ping_status":"closed","template":"","meta":[],"product_brand":[],"product_cat":[1756,1764],"product_tag":[1813],"acf":[],"_links":{"self":[{"href":"https:\/\/streetmarkets.fr\/app\/wp-json\/wp\/v2\/product\/1848764"}],"collection":[{"href":"https:\/\/streetmarkets.fr\/app\/wp-json\/wp\/v2\/product"}],"about":[{"href":"https:\/\/streetmarkets.fr\/app\/wp-json\/wp\/v2\/types\/product"}],"replies":[{"embeddable":true,"href":"https:\/\/streetmarkets.fr\/app\/wp-json\/wp\/v2\/comments?post=1848764"}],"wp:featuredmedia":[{"embeddable":true,"href":"https:\/\/streetmarkets.fr\/app\/wp-json\/wp\/v2\/media\/1848765"}],"wp:attachment":[{"href":"https:\/\/streetmarkets.fr\/app\/wp-json\/wp\/v2\/media?parent=1848764"}],"wp:term":[{"taxonomy":"product_brand","embeddable":true,"href":"https:\/\/streetmarkets.fr\/app\/wp-json\/wp\/v2\/product_brand?post=1848764"},{"taxonomy":"product_cat","embeddable":true,"href":"https:\/\/streetmarkets.fr\/app\/wp-json\/wp\/v2\/product_cat?post=1848764"},{"taxonomy":"product_tag","embeddable":true,"href":"https:\/\/streetmarkets.fr\/app\/wp-json\/wp\/v2\/product_tag?post=1848764"}],"curies":[{"name":"wp","href":"https:\/\/api.w.org\/{rel}","templated":true}]}}