{"id":1830799,"date":"2025-05-04T04:08:00","date_gmt":"2025-05-04T02:08:00","guid":{"rendered":"https:\/\/streetmarkets.fr\/app\/produit\/u-992-nc\/"},"modified":"2026-04-12T03:51:08","modified_gmt":"2026-04-12T01:51:08","slug":"u-992-nc","status":"publish","type":"product","link":"https:\/\/streetmarkets.fr\/app\/produit\/u-992-nc\/","title":{"rendered":"U 992 NC"},"content":{"rendered":"<ul>\n<li>L&#8217;amorti ABZORB au talon et \u00e0 l\u2019avant-pied pour absorber les chocs en associant l&#8217;amorti et la r\u00e9sistance \u00e0 la compression<\/li>\n<li>Semelle interm\u00e9diaire combinant ENCAP et C-CAP<\/li>\n<li>D\u00e9tails r\u00e9fl\u00e9chissants con\u00e7us pour capter la lumi\u00e8re<\/li>\n<li>Semelle ext\u00e9rieure en caoutchouc NDurance\n<\/li>\n<\/ul>\n<p><span>Fabriqu\u00e9 aux Etats-Unis<\/span><\/p>\n<p><span>U992NC<\/span><\/p>\n","protected":false},"excerpt":{"rendered":"<p>L&#8217;amorti ABZORB au talon et \u00e0 l\u2019avant-pied pour absorber les chocs en associant l&#8217;amorti et la r\u00e9sistance \u00e0 la compression Semelle interm\u00e9diaire combinant ENCAP et C-CAP D\u00e9tails r\u00e9fl\u00e9chissants con\u00e7us pour capter la lumi\u00e8re Semelle ext\u00e9rieure en caoutchouc NDurance Fabriqu\u00e9 aux Etats-Unis U992NC<\/p>\n","protected":false},"featured_media":1830800,"comment_status":"open","ping_status":"closed","template":"","meta":[],"product_brand":[7132],"product_cat":[1756,1763],"product_tag":[2244],"acf":[],"_links":{"self":[{"href":"https:\/\/streetmarkets.fr\/app\/wp-json\/wp\/v2\/product\/1830799"}],"collection":[{"href":"https:\/\/streetmarkets.fr\/app\/wp-json\/wp\/v2\/product"}],"about":[{"href":"https:\/\/streetmarkets.fr\/app\/wp-json\/wp\/v2\/types\/product"}],"replies":[{"embeddable":true,"href":"https:\/\/streetmarkets.fr\/app\/wp-json\/wp\/v2\/comments?post=1830799"}],"wp:featuredmedia":[{"embeddable":true,"href":"https:\/\/streetmarkets.fr\/app\/wp-json\/wp\/v2\/media\/1830800"}],"wp:attachment":[{"href":"https:\/\/streetmarkets.fr\/app\/wp-json\/wp\/v2\/media?parent=1830799"}],"wp:term":[{"taxonomy":"product_brand","embeddable":true,"href":"https:\/\/streetmarkets.fr\/app\/wp-json\/wp\/v2\/product_brand?post=1830799"},{"taxonomy":"product_cat","embeddable":true,"href":"https:\/\/streetmarkets.fr\/app\/wp-json\/wp\/v2\/product_cat?post=1830799"},{"taxonomy":"product_tag","embeddable":true,"href":"https:\/\/streetmarkets.fr\/app\/wp-json\/wp\/v2\/product_tag?post=1830799"}],"curies":[{"name":"wp","href":"https:\/\/api.w.org\/{rel}","templated":true}]}}