{"id":1813527,"date":"2025-05-01T06:53:30","date_gmt":"2025-05-01T04:53:30","guid":{"rendered":"https:\/\/streetmarkets.fr\/app\/produit\/carre-de-costume-marvin-hankie-captain-minipatte\/"},"modified":"2026-03-16T05:47:07","modified_gmt":"2026-03-16T04:47:07","slug":"carre-de-costume-marvin-hankie-captain-minipatte","status":"publish","type":"product","link":"https:\/\/streetmarkets.fr\/app\/produit\/carre-de-costume-marvin-hankie-captain-minipatte\/","title":{"rendered":"Carr\u00e9 de costume Marvin Hankie Captain\/MiniPATTE"},"content":{"rendered":"<p class=\"\" data-end=\"601\" data-start=\"317\">Apportez une touche de fra\u00eecheur ma\u00eetris\u00e9e \u00e0 vos tenues avec le <strong data-end=\"416\" data-start=\"381\">Marvin Hankie Captain\/MiniPATTE<\/strong> de <strong>Selected<\/strong>. Confectionn\u00e9 en <strong>100% <\/strong><strong data-end=\"453\" data-start=\"446\">lin<\/strong>, ce carr\u00e9 de costume allie l\u00e9g\u00e8ret\u00e9 naturelle et texture parfaite, id\u00e9ales pour les saisons plus douces ou les looks plus d\u00e9contract\u00e9s.<\/p>\n<p class=\"\" data-end=\"876\" data-start=\"603\">Son fond <strong data-end=\"635\" data-start=\"612\">bleu marine profond<\/strong> est ponctu\u00e9 de <strong data-end=\"676\" data-start=\"651\">motifs floraux orange<\/strong> discrets, qui apportent du relief et une note de couleur subtile \u00e0 l\u2019ensemble. Le contraste est \u00e9l\u00e9gant, \u00e9quilibr\u00e9, et permet d\u2019oser un peu de personnalit\u00e9 sans rompre l\u2019harmonie de votre silhouette.<\/p>\n<p class=\"\" data-end=\"1127\" data-start=\"878\">Id\u00e9al pour accompagner une veste en coton, en lin ou un costume d\u2019\u00e9t\u00e9, ce carr\u00e9 offre un <strong data-end=\"1004\" data-start=\"967\">style \u00e0 la fois soign\u00e9 et d\u00e9tendu<\/strong>, fid\u00e8le \u00e0 l\u2019esprit Selected. Facile \u00e0 plier, il s\u2019ins\u00e8re avec naturel dans la poche poitrine pour une finition impeccable.<\/p>\n<p class=\"\" data-end=\"1275\" data-start=\"1129\">\u00c0 retrouver chez <strong data-end=\"1162\" data-start=\"1146\">Harold Paris<\/strong>, votre destination multi-marque pour des accessoires singuliers, durables et pens\u00e9s pour sublimer chaque d\u00e9tail.<\/p>\n","protected":false},"excerpt":{"rendered":"<p>Apportez une touche de fra\u00eecheur ma\u00eetris\u00e9e \u00e0 vos tenues avec le Marvin Hankie Captain\/MiniPATTE de Selected. Confectionn\u00e9 en 100% lin, ce carr\u00e9 de costume allie l\u00e9g\u00e8ret\u00e9 naturelle et texture parfaite, id\u00e9ales pour les saisons plus douces ou les looks plus d\u00e9contract\u00e9s. Son fond bleu marine profond est ponctu\u00e9 de motifs floraux orange discrets, qui apportent [&hellip;]<\/p>\n","protected":false},"featured_media":1813528,"comment_status":"open","ping_status":"closed","template":"","meta":[],"product_brand":[],"product_cat":[1756,1760],"product_tag":[2244],"acf":[],"_links":{"self":[{"href":"https:\/\/streetmarkets.fr\/app\/wp-json\/wp\/v2\/product\/1813527"}],"collection":[{"href":"https:\/\/streetmarkets.fr\/app\/wp-json\/wp\/v2\/product"}],"about":[{"href":"https:\/\/streetmarkets.fr\/app\/wp-json\/wp\/v2\/types\/product"}],"replies":[{"embeddable":true,"href":"https:\/\/streetmarkets.fr\/app\/wp-json\/wp\/v2\/comments?post=1813527"}],"wp:featuredmedia":[{"embeddable":true,"href":"https:\/\/streetmarkets.fr\/app\/wp-json\/wp\/v2\/media\/1813528"}],"wp:attachment":[{"href":"https:\/\/streetmarkets.fr\/app\/wp-json\/wp\/v2\/media?parent=1813527"}],"wp:term":[{"taxonomy":"product_brand","embeddable":true,"href":"https:\/\/streetmarkets.fr\/app\/wp-json\/wp\/v2\/product_brand?post=1813527"},{"taxonomy":"product_cat","embeddable":true,"href":"https:\/\/streetmarkets.fr\/app\/wp-json\/wp\/v2\/product_cat?post=1813527"},{"taxonomy":"product_tag","embeddable":true,"href":"https:\/\/streetmarkets.fr\/app\/wp-json\/wp\/v2\/product_tag?post=1813527"}],"curies":[{"name":"wp","href":"https:\/\/api.w.org\/{rel}","templated":true}]}}